{"id":1137,"date":"2023-05-31T10:16:08","date_gmt":"2023-05-31T13:16:08","guid":{"rendered":"https:\/\/depex.com.uy\/?post_type=product&#038;p=1137"},"modified":"2025-02-18T16:12:58","modified_gmt":"2025-02-18T19:12:58","slug":"organizador-de-heladera-con-tapa-20x15x10cm-ou-clear-fresh-natural","status":"publish","type":"product","link":"https:\/\/depex.com.uy\/?product=organizador-de-heladera-con-tapa-20x15x10cm-ou-clear-fresh-natural","title":{"rendered":"Organizador de Heladera con Tapa 20x15x10cm OU \u00abClear Fresh\u00bb (Natural)"},"content":{"rendered":"<p><strong data-redactor-tag=\"strong\">Caracter\u00edsticas:<\/strong><\/p>\n<p>El organizador de heladera con tapa Clear Fresh de 20x15x10cm es el nuevo est\u00e1ndar de transparencia en la organizaci\u00f3n de tu nevera. Apile, ajuste y vea f\u00e1cilmente los alimentos almacenados en el frigor\u00edfico, manteniendo todo en orden. Su dise\u00f1o fue pensado para promover la frescura prolongada de los alimentos, manteniendo una rutina sin desperdicios. Producido en material resistente, el organizador posee c\u00f3modas asas que facilitan el transporte. S\u00faper transparencia, belleza y cuidado de los alimentos son caracter\u00edsticas de la l\u00ednea Clear Fresh, perfecta para ayudar a organizar tu refrigerador y hacer tu d\u00eda a d\u00eda m\u00e1s f\u00e1cil.<\/p>\n<p><strong data-redactor-tag=\"strong\">Dimensiones:\u00a0<\/strong>200x150x95mm<\/p>\n","protected":false},"excerpt":{"rendered":"<p>Caracter\u00edsticas: El organizador de heladera con tapa Clear Fresh de 20x15x10cm es el nuevo est\u00e1ndar de transparencia en la organizaci\u00f3n de tu nevera. Apile, ajuste y vea f\u00e1cilmente los alimentos almacenados en el frigor\u00edfico, manteniendo todo en orden. Su dise\u00f1o fue pensado para promover la frescura prolongada de los alimentos, manteniendo una rutina sin desperdicios. [&#8230;]\n","protected":false},"featured_media":1138,"template":"","meta":[],"product_brand":[63],"product_cat":[20,26],"product_tag":[],"class_list":{"0":"post-1137","1":"product","2":"type-product","3":"status-publish","4":"has-post-thumbnail","6":"product_brand-ou","7":"product_cat-organizacion","8":"product_cat-ou","10":"first","11":"instock","12":"taxable","13":"shipping-taxable","14":"purchasable","15":"product-type-simple"},"jetpack-related-posts":[],"jetpack_sharing_enabled":true,"_links":{"self":[{"href":"https:\/\/depex.com.uy\/index.php?rest_route=\/wp\/v2\/product\/1137","targetHints":{"allow":["GET"]}}],"collection":[{"href":"https:\/\/depex.com.uy\/index.php?rest_route=\/wp\/v2\/product"}],"about":[{"href":"https:\/\/depex.com.uy\/index.php?rest_route=\/wp\/v2\/types\/product"}],"wp:featuredmedia":[{"embeddable":true,"href":"https:\/\/depex.com.uy\/index.php?rest_route=\/wp\/v2\/media\/1138"}],"wp:attachment":[{"href":"https:\/\/depex.com.uy\/index.php?rest_route=%2Fwp%2Fv2%2Fmedia&parent=1137"}],"wp:term":[{"taxonomy":"product_brand","embeddable":true,"href":"https:\/\/depex.com.uy\/index.php?rest_route=%2Fwp%2Fv2%2Fproduct_brand&post=1137"},{"taxonomy":"product_cat","embeddable":true,"href":"https:\/\/depex.com.uy\/index.php?rest_route=%2Fwp%2Fv2%2Fproduct_cat&post=1137"},{"taxonomy":"product_tag","embeddable":true,"href":"https:\/\/depex.com.uy\/index.php?rest_route=%2Fwp%2Fv2%2Fproduct_tag&post=1137"}],"curies":[{"name":"wp","href":"https:\/\/api.w.org\/{rel}","templated":true}]}}