{"id":1153,"date":"2023-05-31T11:09:15","date_gmt":"2023-05-31T14:09:15","guid":{"rendered":"https:\/\/depex.com.uy\/?post_type=product&#038;p=1153"},"modified":"2025-02-18T16:12:58","modified_gmt":"2025-02-18T19:12:58","slug":"cubiertero-organizador-con-tapa-ou-logic-blanco","status":"publish","type":"product","link":"https:\/\/depex.com.uy\/?product=cubiertero-organizador-con-tapa-ou-logic-blanco","title":{"rendered":"Cubiertera con Tapa 5 Divisiones OU \u00abLogic\u00bb (Blanco)"},"content":{"rendered":"<p><strong data-redactor-tag=\"strong\">Caracter\u00edsticas:<\/strong><\/p>\n<p>El organizador de cubiertos con tapa Logic 35 x 27,5 x 7,5 cm es perfecto para organizar sus cajones de cubiertos. Con 5 segmentos, el producto permite segmentar los cubiertos de forma visual, sencilla y pr\u00e1ctica, manteni\u00e9ndolos limpios y protegidos. La tapa le permite proteger y llevar sus cubiertos al aire libre para reuniones y ocasiones especiales. La l\u00ednea trae diferentes tama\u00f1os y colores que son f\u00e1ciles de combinar y tienen modularidad entre s\u00ed, permitiendo diferentes soluciones de organizaci\u00f3n de acuerdo a su necesidad y creatividad. Los productos est\u00e1n fabricados en material texturizado (Polipropileno) reduciendo la apariencia de rayaduras y rayones. Adem\u00e1s de tener esquinas redondeadas que no acumulan suciedad y facilitan la limpieza. Almacena, segmenta, organiza tus cubiertos seg\u00fan tu creatividad.<\/p>\n<div><strong data-redactor-tag=\"strong\">Dimensiones:<\/strong>\u00a0350x275x757mm<\/div>\n<div><iframe src=\"https:\/\/player.vimeo.com\/video\/515434963\" frameborder=\"0\" allowfullscreen=\"allowfullscreen\" data-mce-fragment=\"1\"><\/iframe><\/div>\n","protected":false},"excerpt":{"rendered":"<p>Caracter\u00edsticas: El organizador de cubiertos con tapa Logic 35 x 27,5 x 7,5 cm es perfecto para organizar sus cajones de cubiertos. Con 5 segmentos, el producto permite segmentar los cubiertos de forma visual, sencilla y pr\u00e1ctica, manteni\u00e9ndolos limpios y protegidos. La tapa le permite proteger y llevar sus cubiertos al aire libre para reuniones [&#8230;]\n","protected":false},"featured_media":1154,"template":"","meta":[],"product_brand":[63],"product_cat":[20,26],"product_tag":[],"class_list":{"0":"post-1153","1":"product","2":"type-product","3":"status-publish","4":"has-post-thumbnail","6":"product_brand-ou","7":"product_cat-organizacion","8":"product_cat-ou","10":"first","11":"instock","12":"taxable","13":"shipping-taxable","14":"purchasable","15":"product-type-simple"},"jetpack-related-posts":[],"jetpack_sharing_enabled":true,"_links":{"self":[{"href":"https:\/\/depex.com.uy\/index.php?rest_route=\/wp\/v2\/product\/1153","targetHints":{"allow":["GET"]}}],"collection":[{"href":"https:\/\/depex.com.uy\/index.php?rest_route=\/wp\/v2\/product"}],"about":[{"href":"https:\/\/depex.com.uy\/index.php?rest_route=\/wp\/v2\/types\/product"}],"wp:featuredmedia":[{"embeddable":true,"href":"https:\/\/depex.com.uy\/index.php?rest_route=\/wp\/v2\/media\/1154"}],"wp:attachment":[{"href":"https:\/\/depex.com.uy\/index.php?rest_route=%2Fwp%2Fv2%2Fmedia&parent=1153"}],"wp:term":[{"taxonomy":"product_brand","embeddable":true,"href":"https:\/\/depex.com.uy\/index.php?rest_route=%2Fwp%2Fv2%2Fproduct_brand&post=1153"},{"taxonomy":"product_cat","embeddable":true,"href":"https:\/\/depex.com.uy\/index.php?rest_route=%2Fwp%2Fv2%2Fproduct_cat&post=1153"},{"taxonomy":"product_tag","embeddable":true,"href":"https:\/\/depex.com.uy\/index.php?rest_route=%2Fwp%2Fv2%2Fproduct_tag&post=1153"}],"curies":[{"name":"wp","href":"https:\/\/api.w.org\/{rel}","templated":true}]}}