{"id":1173,"date":"2023-05-31T14:48:26","date_gmt":"2023-05-31T17:48:26","guid":{"rendered":"https:\/\/depex.com.uy\/?post_type=product&#038;p=1173"},"modified":"2025-02-18T16:13:00","modified_gmt":"2025-02-18T19:13:00","slug":"organizador-de-utensilios-ou-logic-gris","status":"publish","type":"product","link":"https:\/\/depex.com.uy\/?product=organizador-de-utensilios-ou-logic-gris","title":{"rendered":"Cubiertera 3 Divisiones OU \u00abLogic\u00bb (Gris)"},"content":{"rendered":"<p><strong data-redactor-tag=\"strong\">Caracter\u00edsticas:<\/strong><\/p>\n<p>El organizador de utensilios Logic 35 x 27 x 5,5 cm es perfecto para organizar tus cajones. Con 3 segmentos, el producto permite segmentar los utensilios de forma visual, sencilla y pr\u00e1ctica, manteni\u00e9ndolos limpios y protegidos. La l\u00ednea trae diferentes tama\u00f1os y colores que son f\u00e1ciles de combinar y tienen modularidad entre s\u00ed, permitiendo diferentes soluciones de organizaci\u00f3n de acuerdo a su necesidad y creatividad. Los productos est\u00e1n fabricados en material texturizado (Polipropileno) reduciendo la apariencia de rayaduras y rayones. Adem\u00e1s de tener esquinas redondeadas que no acumulan suciedad y facilitan la limpieza. Almacena, segmenta, organiza tus cubiertos de acuerdo a tu creatividad, la l\u00ednea Logic viene para ayudar a organizar tu cocina, a trav\u00e9s de accesorios que aportan funcionalidad y cuidado a tu d\u00eda a d\u00eda.<\/p>\n<div><iframe src=\"https:\/\/player.vimeo.com\/video\/515434963\" frameborder=\"0\" allowfullscreen=\"allowfullscreen\" data-mce-fragment=\"1\"><\/iframe><\/div>\n<p><strong data-redactor-tag=\"strong\">Dimensiones:<\/strong>\u00a0269x346x55mm<\/p>\n","protected":false},"excerpt":{"rendered":"<p>Caracter\u00edsticas: El organizador de utensilios Logic 35 x 27 x 5,5 cm es perfecto para organizar tus cajones. Con 3 segmentos, el producto permite segmentar los utensilios de forma visual, sencilla y pr\u00e1ctica, manteni\u00e9ndolos limpios y protegidos. La l\u00ednea trae diferentes tama\u00f1os y colores que son f\u00e1ciles de combinar y tienen modularidad entre s\u00ed, permitiendo [&#8230;]\n","protected":false},"featured_media":1174,"template":"","meta":[],"product_brand":[63],"product_cat":[20,26],"product_tag":[],"class_list":{"0":"post-1173","1":"product","2":"type-product","3":"status-publish","4":"has-post-thumbnail","6":"product_brand-ou","7":"product_cat-organizacion","8":"product_cat-ou","10":"first","11":"instock","12":"taxable","13":"shipping-taxable","14":"purchasable","15":"product-type-simple"},"jetpack-related-posts":[],"jetpack_sharing_enabled":true,"_links":{"self":[{"href":"https:\/\/depex.com.uy\/index.php?rest_route=\/wp\/v2\/product\/1173","targetHints":{"allow":["GET"]}}],"collection":[{"href":"https:\/\/depex.com.uy\/index.php?rest_route=\/wp\/v2\/product"}],"about":[{"href":"https:\/\/depex.com.uy\/index.php?rest_route=\/wp\/v2\/types\/product"}],"wp:featuredmedia":[{"embeddable":true,"href":"https:\/\/depex.com.uy\/index.php?rest_route=\/wp\/v2\/media\/1174"}],"wp:attachment":[{"href":"https:\/\/depex.com.uy\/index.php?rest_route=%2Fwp%2Fv2%2Fmedia&parent=1173"}],"wp:term":[{"taxonomy":"product_brand","embeddable":true,"href":"https:\/\/depex.com.uy\/index.php?rest_route=%2Fwp%2Fv2%2Fproduct_brand&post=1173"},{"taxonomy":"product_cat","embeddable":true,"href":"https:\/\/depex.com.uy\/index.php?rest_route=%2Fwp%2Fv2%2Fproduct_cat&post=1173"},{"taxonomy":"product_tag","embeddable":true,"href":"https:\/\/depex.com.uy\/index.php?rest_route=%2Fwp%2Fv2%2Fproduct_tag&post=1173"}],"curies":[{"name":"wp","href":"https:\/\/api.w.org\/{rel}","templated":true}]}}

<p><strong data-redactor-tag="strong">Características:</strong></p>
<p>El organizador de utensilios Logic 35 x 27 x 5,5 cm es perfecto para organizar tus cajones. Con 3 segmentos, el producto permite segmentar los utensilios de forma visual, sencilla y práctica, manteniéndolos limpios y protegidos. La línea trae diferentes tamaños y colores que son fáciles de combinar y tienen modularidad entre sí, permitiendo diferentes soluciones de organización de acuerdo a su necesidad y creatividad. Los productos están fabricados en material texturizado (Polipropileno) reduciendo la apariencia de rayaduras y rayones. Además de tener esquinas redondeadas que no acumulan suciedad y facilitan la limpieza. Almacena, segmenta, organiza tus cubiertos de acuerdo a tu creatividad, la línea Logic viene para ayudar a organizar tu cocina, a través de accesorios que aportan funcionalidad y cuidado a tu día a día.</p>
<div><iframe src="https://player.vimeo.com/video/515434963" frameborder="0" allowfullscreen="allowfullscreen" data-mce-fragment="1"></iframe></div>
<p><strong data-redactor-tag="strong">Dimensiones:</strong> 269x346x55mm</p>

<p>Características: El organizador de utensilios Logic 35 x 27 x 5,5 cm es perfecto para organizar tus cajones. Con 3 segmentos, el producto permite segmentar los utensilios de forma visual, sencilla y práctica, manteniéndolos limpios y protegidos. La línea trae diferentes tamaños y colores que son fáciles de combinar y tienen modularidad entre sí, permitiendo [&#8230;]
