{"id":1177,"date":"2023-05-31T14:49:50","date_gmt":"2023-05-31T17:49:50","guid":{"rendered":"https:\/\/depex.com.uy\/?post_type=product&#038;p=1177"},"modified":"2025-02-18T16:13:00","modified_gmt":"2025-02-18T19:13:00","slug":"organizador-de-cuchillos-ou-logic-knife-blanco","status":"publish","type":"product","link":"https:\/\/depex.com.uy\/?product=organizador-de-cuchillos-ou-logic-knife-blanco","title":{"rendered":"Organizador de Cuchillos OU \u00abLogic Knife\u00bb (Blanco)"},"content":{"rendered":"<p><strong data-redactor-tag=\"strong\">Caracter\u00edsticas:<\/strong><\/p>\n<p>El Organizador Logic Knife de 28 x 36 x 6 cm es perfecto para organizar sus cuchillos. Con segmentaciones para 5 cuchillos, el producto permite organizar los cuchillos de forma visual y segura, adem\u00e1s de preservar el hilo.<\/p>\n<div>La l\u00ednea trae diferentes colores que son f\u00e1ciles de combinar y tienen modularidad entre s\u00ed permitiendo diferentes soluciones de organizaci\u00f3n seg\u00fan su necesidad y creatividad. Los productos est\u00e1n fabricados en material texturizado (Polipropileno) reduciendo la apariencia de rayones y rayones. Adem\u00e1s de tener esquinas redondeadas que no acumulan suciedad y facilitan la limpieza.<\/div>\n<div>Almacena, segmenta, organiza tus cuchillos de forma segura, la l\u00ednea Logic llega para ayudarte en la organizaci\u00f3n de tu cocina, a trav\u00e9s de accesorios que aportan funcionalidad y cuidado a tu d\u00eda a d\u00eda.<\/div>\n<div><\/div>\n<p><iframe src=\"https:\/\/player.vimeo.com\/video\/515434963\" frameborder=\"0\" allowfullscreen=\"allowfullscreen\" data-mce-fragment=\"1\"><\/iframe><\/p>\n<p><strong data-redactor-tag=\"strong\">Dimensiones:<\/strong>\u00a06 x 36 x 28 cm<\/p>\n<div><strong data-redactor-tag=\"strong\">Peso:<\/strong>\u00a0200g<\/div>\n","protected":false},"excerpt":{"rendered":"<p>Caracter\u00edsticas: El Organizador Logic Knife de 28 x 36 x 6 cm es perfecto para organizar sus cuchillos. Con segmentaciones para 5 cuchillos, el producto permite organizar los cuchillos de forma visual y segura, adem\u00e1s de preservar el hilo. La l\u00ednea trae diferentes colores que son f\u00e1ciles de combinar y tienen modularidad entre s\u00ed permitiendo [&#8230;]\n","protected":false},"featured_media":1178,"template":"","meta":[],"product_brand":[63],"product_cat":[20,26],"product_tag":[],"class_list":{"0":"post-1177","1":"product","2":"type-product","3":"status-publish","4":"has-post-thumbnail","6":"product_brand-ou","7":"product_cat-organizacion","8":"product_cat-ou","10":"first","11":"instock","12":"taxable","13":"shipping-taxable","14":"purchasable","15":"product-type-simple"},"jetpack-related-posts":[],"jetpack_sharing_enabled":true,"_links":{"self":[{"href":"https:\/\/depex.com.uy\/index.php?rest_route=\/wp\/v2\/product\/1177","targetHints":{"allow":["GET"]}}],"collection":[{"href":"https:\/\/depex.com.uy\/index.php?rest_route=\/wp\/v2\/product"}],"about":[{"href":"https:\/\/depex.com.uy\/index.php?rest_route=\/wp\/v2\/types\/product"}],"wp:featuredmedia":[{"embeddable":true,"href":"https:\/\/depex.com.uy\/index.php?rest_route=\/wp\/v2\/media\/1178"}],"wp:attachment":[{"href":"https:\/\/depex.com.uy\/index.php?rest_route=%2Fwp%2Fv2%2Fmedia&parent=1177"}],"wp:term":[{"taxonomy":"product_brand","embeddable":true,"href":"https:\/\/depex.com.uy\/index.php?rest_route=%2Fwp%2Fv2%2Fproduct_brand&post=1177"},{"taxonomy":"product_cat","embeddable":true,"href":"https:\/\/depex.com.uy\/index.php?rest_route=%2Fwp%2Fv2%2Fproduct_cat&post=1177"},{"taxonomy":"product_tag","embeddable":true,"href":"https:\/\/depex.com.uy\/index.php?rest_route=%2Fwp%2Fv2%2Fproduct_tag&post=1177"}],"curies":[{"name":"wp","href":"https:\/\/api.w.org\/{rel}","templated":true}]}}

<p><strong data-redactor-tag="strong">Características:</strong></p>
<p>El Organizador Logic Knife de 28 x 36 x 6 cm es perfecto para organizar sus cuchillos. Con segmentaciones para 5 cuchillos, el producto permite organizar los cuchillos de forma visual y segura, además de preservar el hilo.</p>
<div>La línea trae diferentes colores que son fáciles de combinar y tienen modularidad entre sí permitiendo diferentes soluciones de organización según su necesidad y creatividad. Los productos están fabricados en material texturizado (Polipropileno) reduciendo la apariencia de rayones y rayones. Además de tener esquinas redondeadas que no acumulan suciedad y facilitan la limpieza.</div>
<div>Almacena, segmenta, organiza tus cuchillos de forma segura, la línea Logic llega para ayudarte en la organización de tu cocina, a través de accesorios que aportan funcionalidad y cuidado a tu día a día.</div>
<div></div>
<p><iframe src="https://player.vimeo.com/video/515434963" frameborder="0" allowfullscreen="allowfullscreen" data-mce-fragment="1"></iframe></p>
<p><strong data-redactor-tag="strong">Dimensiones:</strong> 6 x 36 x 28 cm</p>
<div><strong data-redactor-tag="strong">Peso:</strong> 200g</div>

<p>Características: El Organizador Logic Knife de 28 x 36 x 6 cm es perfecto para organizar sus cuchillos. Con segmentaciones para 5 cuchillos, el producto permite organizar los cuchillos de forma visual y segura, además de preservar el hilo. La línea trae diferentes colores que son fáciles de combinar y tienen modularidad entre sí permitiendo [&#8230;]
