{"id":1210,"date":"2023-05-31T15:39:46","date_gmt":"2023-05-31T18:39:46","guid":{"rendered":"https:\/\/depex.com.uy\/?post_type=product&#038;p=1210"},"modified":"2025-02-18T16:13:02","modified_gmt":"2025-02-18T19:13:02","slug":"organizador-de-pileta-compacto-ou-trium-blanco","status":"publish","type":"product","link":"https:\/\/depex.com.uy\/?product=organizador-de-pileta-compacto-ou-trium-blanco","title":{"rendered":"Organizador de Pileta Compacto OU \u00abTrium\u00bb (Blanco)"},"content":{"rendered":"<p><strong data-redactor-tag=\"strong\">Caracter\u00edsticas:<\/strong><\/p>\n<p>Tu hogar con un toque de practicidad El Organizador de Fregadero Compact Trium es perfecto para quienes buscan funcionalidad y belleza sobre el fregadero, ya que permite una organizaci\u00f3n vers\u00e1til adem\u00e1s de optimizar el espacio en el ambiente. Con un dise\u00f1o minimalista, combina con todo tipo de cocinas o balcones gourmet. Adem\u00e1s de almacenar detergente, el dosificador tambi\u00e9n tiene un compartimento para esponja y jab\u00f3n en barra, es decir, el producto va directamente del fregadero al caj\u00f3n o armario sin agua corriente. Fabricado en material resistente y flexible (Polipropileno), adem\u00e1s de pl\u00e1stico texturizado, evitando ralladuras y facilitando la higiene. Practicidad, belleza y dise\u00f1o son las caracter\u00edsticas de la l\u00ednea trium dise\u00f1ada para brindar calidad en la organizaci\u00f3n de su fregadero.<\/p>\n<p><strong data-redactor-tag=\"strong\">Dimensiones:\u00a0<\/strong>210x85x70mm<\/p>\n","protected":false},"excerpt":{"rendered":"<p>Caracter\u00edsticas: Tu hogar con un toque de practicidad El Organizador de Fregadero Compact Trium es perfecto para quienes buscan funcionalidad y belleza sobre el fregadero, ya que permite una organizaci\u00f3n vers\u00e1til adem\u00e1s de optimizar el espacio en el ambiente. Con un dise\u00f1o minimalista, combina con todo tipo de cocinas o balcones gourmet. Adem\u00e1s de almacenar [&#8230;]\n","protected":false},"featured_media":1211,"template":"","meta":[],"product_brand":[63],"product_cat":[19,26],"product_tag":[],"class_list":{"0":"post-1210","1":"product","2":"type-product","3":"status-publish","4":"has-post-thumbnail","6":"product_brand-ou","7":"product_cat-cocina","8":"product_cat-ou","10":"first","11":"instock","12":"taxable","13":"shipping-taxable","14":"purchasable","15":"product-type-simple"},"jetpack-related-posts":[],"jetpack_sharing_enabled":true,"_links":{"self":[{"href":"https:\/\/depex.com.uy\/index.php?rest_route=\/wp\/v2\/product\/1210","targetHints":{"allow":["GET"]}}],"collection":[{"href":"https:\/\/depex.com.uy\/index.php?rest_route=\/wp\/v2\/product"}],"about":[{"href":"https:\/\/depex.com.uy\/index.php?rest_route=\/wp\/v2\/types\/product"}],"wp:featuredmedia":[{"embeddable":true,"href":"https:\/\/depex.com.uy\/index.php?rest_route=\/wp\/v2\/media\/1211"}],"wp:attachment":[{"href":"https:\/\/depex.com.uy\/index.php?rest_route=%2Fwp%2Fv2%2Fmedia&parent=1210"}],"wp:term":[{"taxonomy":"product_brand","embeddable":true,"href":"https:\/\/depex.com.uy\/index.php?rest_route=%2Fwp%2Fv2%2Fproduct_brand&post=1210"},{"taxonomy":"product_cat","embeddable":true,"href":"https:\/\/depex.com.uy\/index.php?rest_route=%2Fwp%2Fv2%2Fproduct_cat&post=1210"},{"taxonomy":"product_tag","embeddable":true,"href":"https:\/\/depex.com.uy\/index.php?rest_route=%2Fwp%2Fv2%2Fproduct_tag&post=1210"}],"curies":[{"name":"wp","href":"https:\/\/api.w.org\/{rel}","templated":true}]}}