{"id":1228,"date":"2023-05-31T18:00:28","date_gmt":"2023-05-31T21:00:28","guid":{"rendered":"https:\/\/depex.com.uy\/?post_type=product&#038;p=1228"},"modified":"2025-02-18T16:13:03","modified_gmt":"2025-02-18T19:13:03","slug":"organizador-multiuso-ou-level-blanco","status":"publish","type":"product","link":"https:\/\/depex.com.uy\/?product=organizador-multiuso-ou-level-blanco","title":{"rendered":"Organizador Multiuso OU \u00abLevel\u00bb (Blanco)"},"content":{"rendered":"<p><strong data-redactor-tag=\"strong\">Caracter\u00edsticas:<\/strong><\/p>\n<div>El organizador de niveles multiusos es perfecto para combinar organizaci\u00f3n y practicidad en su vida diaria. Existen varias opciones de tama\u00f1o para optimizar espacios, facilitando la visualizaci\u00f3n y organizaci\u00f3n de los armarios.<\/div>\n<div>En la cocina del lavadero, los estantes organizadores son tus aliados perfectos para ayudarte en el d\u00eda a d\u00eda.<\/div>\n<div><\/div>\n<div><strong data-redactor-tag=\"strong\">Recomendaciones de Uso:<\/strong><\/div>\n<ul>\n<li>Producto apto para lavavajillas.<\/li>\n<li>Se sugiere desinfectar con jab\u00f3n neutro y una esponja suave, evitando productos abrasivos en el proceso de limpieza.<\/li>\n<li>No lo coloque en el congelador ni en el microondas.<\/li>\n<\/ul>\n<p><strong style=\"font-size: 16px;\">Dimensiones:<\/strong><span style=\"font-size: 16px;\"> 120x<\/span><span style=\"font-size: 16px;\">155x<\/span><span style=\"font-size: 16px;\">360cm<\/span><\/p>\n<p><strong>Peso:<\/strong> 130 g<\/p>\n","protected":false},"excerpt":{"rendered":"<p>Caracter\u00edsticas: El organizador de niveles multiusos es perfecto para combinar organizaci\u00f3n y practicidad en su vida diaria. Existen varias opciones de tama\u00f1o para optimizar espacios, facilitando la visualizaci\u00f3n y organizaci\u00f3n de los armarios. En la cocina del lavadero, los estantes organizadores son tus aliados perfectos para ayudarte en el d\u00eda a d\u00eda. Recomendaciones de Uso: [&#8230;]\n","protected":false},"featured_media":1229,"template":"","meta":[],"product_brand":[63],"product_cat":[19,20,26],"product_tag":[],"class_list":{"0":"post-1228","1":"product","2":"type-product","3":"status-publish","4":"has-post-thumbnail","6":"product_brand-ou","7":"product_cat-cocina","8":"product_cat-organizacion","9":"product_cat-ou","11":"first","12":"instock","13":"taxable","14":"shipping-taxable","15":"purchasable","16":"product-type-simple"},"jetpack-related-posts":[],"jetpack_sharing_enabled":true,"_links":{"self":[{"href":"https:\/\/depex.com.uy\/index.php?rest_route=\/wp\/v2\/product\/1228","targetHints":{"allow":["GET"]}}],"collection":[{"href":"https:\/\/depex.com.uy\/index.php?rest_route=\/wp\/v2\/product"}],"about":[{"href":"https:\/\/depex.com.uy\/index.php?rest_route=\/wp\/v2\/types\/product"}],"wp:featuredmedia":[{"embeddable":true,"href":"https:\/\/depex.com.uy\/index.php?rest_route=\/wp\/v2\/media\/1229"}],"wp:attachment":[{"href":"https:\/\/depex.com.uy\/index.php?rest_route=%2Fwp%2Fv2%2Fmedia&parent=1228"}],"wp:term":[{"taxonomy":"product_brand","embeddable":true,"href":"https:\/\/depex.com.uy\/index.php?rest_route=%2Fwp%2Fv2%2Fproduct_brand&post=1228"},{"taxonomy":"product_cat","embeddable":true,"href":"https:\/\/depex.com.uy\/index.php?rest_route=%2Fwp%2Fv2%2Fproduct_cat&post=1228"},{"taxonomy":"product_tag","embeddable":true,"href":"https:\/\/depex.com.uy\/index.php?rest_route=%2Fwp%2Fv2%2Fproduct_tag&post=1228"}],"curies":[{"name":"wp","href":"https:\/\/api.w.org\/{rel}","templated":true}]}}

<p><strong data-redactor-tag="strong">Características:</strong></p>
<div>El organizador de niveles multiusos es perfecto para combinar organización y practicidad en su vida diaria. Existen varias opciones de tamaño para optimizar espacios, facilitando la visualización y organización de los armarios.</div>
<div>En la cocina del lavadero, los estantes organizadores son tus aliados perfectos para ayudarte en el día a día.</div>
<div></div>
<div><strong data-redactor-tag="strong">Recomendaciones de Uso:</strong></div>
<ul>
<li>Producto apto para lavavajillas.</li>
<li>Se sugiere desinfectar con jabón neutro y una esponja suave, evitando productos abrasivos en el proceso de limpieza.</li>
<li>No lo coloque en el congelador ni en el microondas.</li>
</ul>
<p><strong style="font-size: 16px;">Dimensiones:</strong><span style="font-size: 16px;"> 120x</span><span style="font-size: 16px;">155x</span><span style="font-size: 16px;">360cm</span></p>
<p><strong>Peso:</strong> 130 g</p>

<p>Características: El organizador de niveles multiusos es perfecto para combinar organización y practicidad en su vida diaria. Existen varias opciones de tamaño para optimizar espacios, facilitando la visualización y organización de los armarios. En la cocina del lavadero, los estantes organizadores son tus aliados perfectos para ayudarte en el día a día. Recomendaciones de Uso: [&#8230;]
