{"id":1282,"date":"2023-05-31T21:05:06","date_gmt":"2023-06-01T00:05:06","guid":{"rendered":"https:\/\/depex.com.uy\/?post_type=product&#038;p=1282"},"modified":"2025-02-18T16:13:04","modified_gmt":"2025-02-18T19:13:04","slug":"organizador-cuadrado-de-armario-de-nivel-ou-level-gris","status":"publish","type":"product","link":"https:\/\/depex.com.uy\/?product=organizador-cuadrado-de-armario-de-nivel-ou-level-gris","title":{"rendered":"Organizador Cuadrado de Armario de Nivel OU \u00abLevel\u00bb (Gris)"},"content":{"rendered":"<p><strong data-redactor-tag=\"strong\">Caracter\u00edsticas:<\/strong><\/p>\n<p>El Estante Organizador de Armario Level Square es perfecto para combinar organizaci\u00f3n y practicidad en tu d\u00eda a d\u00eda. Existen varias opciones de tama\u00f1o para optimizar los espacios, facilitando la visualizaci\u00f3n y organizaci\u00f3n de los armarios. La l\u00ednea fue desarrollada priorizando la optimizaci\u00f3n y la facilidad de organizaci\u00f3n, por eso, cuenta con orificios que facilitan la ventilaci\u00f3n y un ajuste robusto brindando estabilidad en el transporte. Los estantes est\u00e1n hechos de pl\u00e1stico no t\u00f3xico (polipropileno) con una textura externa para reducir los rayones y rayones. En la cocina y\u00a0en el cuarto de lavado, los estantes organizadores son tus aliados perfectos para ayudarte en el d\u00eda a d\u00eda.<\/p>\n<p><strong data-redactor-tag=\"strong\">Dimensiones:\u00a0<\/strong>260x260x150mm<\/p>\n","protected":false},"excerpt":{"rendered":"<p>Caracter\u00edsticas: El Estante Organizador de Armario Level Square es perfecto para combinar organizaci\u00f3n y practicidad en tu d\u00eda a d\u00eda. Existen varias opciones de tama\u00f1o para optimizar los espacios, facilitando la visualizaci\u00f3n y organizaci\u00f3n de los armarios. La l\u00ednea fue desarrollada priorizando la optimizaci\u00f3n y la facilidad de organizaci\u00f3n, por eso, cuenta con orificios que [&#8230;]\n","protected":false},"featured_media":1283,"template":"","meta":[],"product_brand":[63],"product_cat":[20,26],"product_tag":[],"class_list":{"0":"post-1282","1":"product","2":"type-product","3":"status-publish","4":"has-post-thumbnail","6":"product_brand-ou","7":"product_cat-organizacion","8":"product_cat-ou","10":"first","11":"instock","12":"taxable","13":"shipping-taxable","14":"purchasable","15":"product-type-simple"},"jetpack-related-posts":[],"jetpack_sharing_enabled":true,"_links":{"self":[{"href":"https:\/\/depex.com.uy\/index.php?rest_route=\/wp\/v2\/product\/1282","targetHints":{"allow":["GET"]}}],"collection":[{"href":"https:\/\/depex.com.uy\/index.php?rest_route=\/wp\/v2\/product"}],"about":[{"href":"https:\/\/depex.com.uy\/index.php?rest_route=\/wp\/v2\/types\/product"}],"wp:featuredmedia":[{"embeddable":true,"href":"https:\/\/depex.com.uy\/index.php?rest_route=\/wp\/v2\/media\/1283"}],"wp:attachment":[{"href":"https:\/\/depex.com.uy\/index.php?rest_route=%2Fwp%2Fv2%2Fmedia&parent=1282"}],"wp:term":[{"taxonomy":"product_brand","embeddable":true,"href":"https:\/\/depex.com.uy\/index.php?rest_route=%2Fwp%2Fv2%2Fproduct_brand&post=1282"},{"taxonomy":"product_cat","embeddable":true,"href":"https:\/\/depex.com.uy\/index.php?rest_route=%2Fwp%2Fv2%2Fproduct_cat&post=1282"},{"taxonomy":"product_tag","embeddable":true,"href":"https:\/\/depex.com.uy\/index.php?rest_route=%2Fwp%2Fv2%2Fproduct_tag&post=1282"}],"curies":[{"name":"wp","href":"https:\/\/api.w.org\/{rel}","templated":true}]}}