{"id":1310,"date":"2023-05-31T21:45:06","date_gmt":"2023-06-01T00:45:06","guid":{"rendered":"https:\/\/depex.com.uy\/?post_type=product&#038;p=1310"},"modified":"2025-02-18T16:13:06","modified_gmt":"2025-02-18T19:13:06","slug":"cepillo-sanitario-ou-dual","status":"publish","type":"product","link":"https:\/\/depex.com.uy\/?product=cepillo-sanitario-ou-dual","title":{"rendered":"Cepillo Sanitario OU \u00abDual\u00bb (Blanco)"},"content":{"rendered":"<p><strong>Caracter\u00edsticas:<\/strong><\/p>\n<p>La escobilla de ba\u00f1o Dual es el art\u00edculo perfecto para cualquiera que busque combinar funcionalidad y organizaci\u00f3n en el ba\u00f1o.\u00a0Adem\u00e1s de ser f\u00e1cil de limpiar, ayuda en la limpieza y organizaci\u00f3n de tu ba\u00f1o, aportando practicidad a tu d\u00eda a d\u00eda.\u00a0Con un dise\u00f1o contempor\u00e1neo, moderno y minimalista, la escobilla dual fue desarrollada para resolver los problemas cotidianos con m\u00e1s practicidad e higiene.\u00a0Por ello, cuenta con una tapa que deja el producto m\u00e1s sellado y con un sistema de apertura y cierre que se activa con el propio cepillo.\u00a0Otro diferencial est\u00e1 en su dep\u00f3sito que, al almacenar el cepillo, el agua se escurre, evitando que est\u00e9 en contacto con el cepillo.\u00a0Desarrollado para no pelar ni oxidar.\u00a0El cepillo est\u00e1 fabricado con material de alta calidad (pl\u00e1stico &#8211; PP), acero y nailon.<\/p>\n<p><strong>Dimensiones:<\/strong> 380x115x115mm<\/p>\n","protected":false},"excerpt":{"rendered":"<p>Caracter\u00edsticas: La escobilla de ba\u00f1o Dual es el art\u00edculo perfecto para cualquiera que busque combinar funcionalidad y organizaci\u00f3n en el ba\u00f1o.\u00a0Adem\u00e1s de ser f\u00e1cil de limpiar, ayuda en la limpieza y organizaci\u00f3n de tu ba\u00f1o, aportando practicidad a tu d\u00eda a d\u00eda.\u00a0Con un dise\u00f1o contempor\u00e1neo, moderno y minimalista, la escobilla dual fue desarrollada para resolver [&#8230;]\n","protected":false},"featured_media":1311,"template":"","meta":[],"product_brand":[63],"product_cat":[21,26],"product_tag":[],"class_list":{"0":"post-1310","1":"product","2":"type-product","3":"status-publish","4":"has-post-thumbnail","6":"product_brand-ou","7":"product_cat-bano","8":"product_cat-ou","10":"first","11":"instock","12":"taxable","13":"shipping-taxable","14":"purchasable","15":"product-type-simple"},"jetpack-related-posts":[],"jetpack_sharing_enabled":true,"_links":{"self":[{"href":"https:\/\/depex.com.uy\/index.php?rest_route=\/wp\/v2\/product\/1310","targetHints":{"allow":["GET"]}}],"collection":[{"href":"https:\/\/depex.com.uy\/index.php?rest_route=\/wp\/v2\/product"}],"about":[{"href":"https:\/\/depex.com.uy\/index.php?rest_route=\/wp\/v2\/types\/product"}],"wp:featuredmedia":[{"embeddable":true,"href":"https:\/\/depex.com.uy\/index.php?rest_route=\/wp\/v2\/media\/1311"}],"wp:attachment":[{"href":"https:\/\/depex.com.uy\/index.php?rest_route=%2Fwp%2Fv2%2Fmedia&parent=1310"}],"wp:term":[{"taxonomy":"product_brand","embeddable":true,"href":"https:\/\/depex.com.uy\/index.php?rest_route=%2Fwp%2Fv2%2Fproduct_brand&post=1310"},{"taxonomy":"product_cat","embeddable":true,"href":"https:\/\/depex.com.uy\/index.php?rest_route=%2Fwp%2Fv2%2Fproduct_cat&post=1310"},{"taxonomy":"product_tag","embeddable":true,"href":"https:\/\/depex.com.uy\/index.php?rest_route=%2Fwp%2Fv2%2Fproduct_tag&post=1310"}],"curies":[{"name":"wp","href":"https:\/\/api.w.org\/{rel}","templated":true}]}}