{"id":1462,"date":"2023-06-02T10:05:50","date_gmt":"2023-06-02T13:05:50","guid":{"rendered":"https:\/\/depex.com.uy\/?post_type=product&#038;p=1462"},"modified":"2025-03-31T18:33:50","modified_gmt":"2025-03-31T21:33:50","slug":"dispensador-de-jabon-liquido-plasutil-trama-gris-copia","status":"publish","type":"product","link":"https:\/\/depex.com.uy\/?product=dispensador-de-jabon-liquido-plasutil-trama-gris-copia","title":{"rendered":"Dispensador de Jab\u00f3n L\u00edquido 360ml PLAS\u00daTIL \u00abTrama\u00bb (Gris)"},"content":{"rendered":"<p><strong>Caracter\u00edsticas:<\/strong><\/p>\n<ul>\n<li>Dispensador de Jab\u00f3n L\u00edquido Trama, ideal para almacenar jab\u00f3n l\u00edquido con practicidad y organizaci\u00f3n.<\/li>\n<li>Forma parte de una l\u00ednea de productos texturizada, que otorga encanto y delicadeza.<\/li>\n<li>Hecho de pl\u00e1stico resistente, de alta calidad y sin BPA para mayor seguridad y durabilidad.<\/li>\n<li>Color gris, que combina con cualquier decoraci\u00f3n y aporta tranquilidad y suavidad al ambiente.<\/li>\n<li>Dise\u00f1o moderno y elegante, que aporta practicidad al d\u00eda a d\u00eda e incluso ayuda a decorar el ba\u00f1o.<\/li>\n<li>Tama\u00f1o compacto, f\u00e1cil de transportar y almacenar en cualquier lugar, ocupando poco espacio.<\/li>\n<li>F\u00e1cil de limpiar y desinfectar, solo use un pa\u00f1o h\u00famedo para eliminar la suciedad.<\/li>\n<li>Dispensador de Jab\u00f3n L\u00edquido Trama, tu ba\u00f1o queda organizado y encantador al mismo tiempo.<\/li>\n<\/ul>\n<p><strong>Dimensiones:<\/strong> \u00f883&#215;164 mm<\/p>\n","protected":false},"excerpt":{"rendered":"<p>Caracter\u00edsticas: Dispensador de Jab\u00f3n L\u00edquido Trama, ideal para almacenar jab\u00f3n l\u00edquido con practicidad y organizaci\u00f3n. Forma parte de una l\u00ednea de productos texturizada, que otorga encanto y delicadeza. Hecho de pl\u00e1stico resistente, de alta calidad y sin BPA para mayor seguridad y durabilidad. Color gris, que combina con cualquier decoraci\u00f3n y aporta tranquilidad y suavidad [&#8230;]\n","protected":false},"featured_media":5221,"template":"","meta":[],"product_brand":[64],"product_cat":[21,25],"product_tag":[],"class_list":{"0":"post-1462","1":"product","2":"type-product","3":"status-publish","4":"has-post-thumbnail","6":"product_brand-plasutil","7":"product_cat-bano","8":"product_cat-plasutil","10":"first","11":"instock","12":"taxable","13":"shipping-taxable","14":"purchasable","15":"product-type-simple"},"jetpack-related-posts":[],"jetpack_sharing_enabled":true,"_links":{"self":[{"href":"https:\/\/depex.com.uy\/index.php?rest_route=\/wp\/v2\/product\/1462","targetHints":{"allow":["GET"]}}],"collection":[{"href":"https:\/\/depex.com.uy\/index.php?rest_route=\/wp\/v2\/product"}],"about":[{"href":"https:\/\/depex.com.uy\/index.php?rest_route=\/wp\/v2\/types\/product"}],"wp:featuredmedia":[{"embeddable":true,"href":"https:\/\/depex.com.uy\/index.php?rest_route=\/wp\/v2\/media\/5221"}],"wp:attachment":[{"href":"https:\/\/depex.com.uy\/index.php?rest_route=%2Fwp%2Fv2%2Fmedia&parent=1462"}],"wp:term":[{"taxonomy":"product_brand","embeddable":true,"href":"https:\/\/depex.com.uy\/index.php?rest_route=%2Fwp%2Fv2%2Fproduct_brand&post=1462"},{"taxonomy":"product_cat","embeddable":true,"href":"https:\/\/depex.com.uy\/index.php?rest_route=%2Fwp%2Fv2%2Fproduct_cat&post=1462"},{"taxonomy":"product_tag","embeddable":true,"href":"https:\/\/depex.com.uy\/index.php?rest_route=%2Fwp%2Fv2%2Fproduct_tag&post=1462"}],"curies":[{"name":"wp","href":"https:\/\/api.w.org\/{rel}","templated":true}]}}