{"id":1541,"date":"2023-06-06T14:51:52","date_gmt":"2023-06-06T17:51:52","guid":{"rendered":"https:\/\/depex.com.uy\/?post_type=product&#038;p=1541"},"modified":"2025-02-18T16:13:20","modified_gmt":"2025-02-18T19:13:20","slug":"recipiente-cuadrado-800ml-plasutil-trio-gris-copia","status":"publish","type":"product","link":"https:\/\/depex.com.uy\/?product=recipiente-cuadrado-800ml-plasutil-trio-gris-copia","title":{"rendered":"Recipiente Cuadrado 1,5 litros PLAS\u00daTIL \u00abTr\u00edo\u00bb (Gris)"},"content":{"rendered":"<p><strong>Caracter\u00edsticas:<\/strong><\/p>\n<ul>\n<li>\u00a1Nunca pierde la tapa!<\/li>\n<li>Est\u00e1 unido al recipiente.<\/li>\n<li>Libre de BPA y no t\u00f3xico.<\/li>\n<li>Se puede calentar en microondas.<\/li>\n<li>Se deben evitar los alimentos con alto contenido de grasa y az\u00facar, \u00bfde acuerdo?<\/li>\n<li>El bloqueo de seguridad funciona como v\u00e1lvula de microondas y evita salpicaduras en el interior del aparato.<\/li>\n<li>Se puede llevar al congelador.<\/li>\n<li>Aptas para el lavavajillas.<\/li>\n<\/ul>\n<p><strong>Dimensiones:<\/strong> 174x163x105 mm<\/p>\n","protected":false},"excerpt":{"rendered":"<p>Caracter\u00edsticas: \u00a1Nunca pierde la tapa! Est\u00e1 unido al recipiente. Libre de BPA y no t\u00f3xico. Se puede calentar en microondas. Se deben evitar los alimentos con alto contenido de grasa y az\u00facar, \u00bfde acuerdo? El bloqueo de seguridad funciona como v\u00e1lvula de microondas y evita salpicaduras en el interior del aparato. Se puede llevar al [&#8230;]\n","protected":false},"featured_media":1542,"template":"","meta":[],"product_brand":[64],"product_cat":[25,53],"product_tag":[],"class_list":{"0":"post-1541","1":"product","2":"type-product","3":"status-publish","4":"has-post-thumbnail","6":"product_brand-plasutil","7":"product_cat-plasutil","8":"product_cat-recipientes","10":"first","11":"instock","12":"taxable","13":"shipping-taxable","14":"purchasable","15":"product-type-simple"},"jetpack-related-posts":[],"jetpack_sharing_enabled":true,"_links":{"self":[{"href":"https:\/\/depex.com.uy\/index.php?rest_route=\/wp\/v2\/product\/1541","targetHints":{"allow":["GET"]}}],"collection":[{"href":"https:\/\/depex.com.uy\/index.php?rest_route=\/wp\/v2\/product"}],"about":[{"href":"https:\/\/depex.com.uy\/index.php?rest_route=\/wp\/v2\/types\/product"}],"wp:featuredmedia":[{"embeddable":true,"href":"https:\/\/depex.com.uy\/index.php?rest_route=\/wp\/v2\/media\/1542"}],"wp:attachment":[{"href":"https:\/\/depex.com.uy\/index.php?rest_route=%2Fwp%2Fv2%2Fmedia&parent=1541"}],"wp:term":[{"taxonomy":"product_brand","embeddable":true,"href":"https:\/\/depex.com.uy\/index.php?rest_route=%2Fwp%2Fv2%2Fproduct_brand&post=1541"},{"taxonomy":"product_cat","embeddable":true,"href":"https:\/\/depex.com.uy\/index.php?rest_route=%2Fwp%2Fv2%2Fproduct_cat&post=1541"},{"taxonomy":"product_tag","embeddable":true,"href":"https:\/\/depex.com.uy\/index.php?rest_route=%2Fwp%2Fv2%2Fproduct_tag&post=1541"}],"curies":[{"name":"wp","href":"https:\/\/api.w.org\/{rel}","templated":true}]}}