{"id":1612,"date":"2023-06-06T17:05:56","date_gmt":"2023-06-06T20:05:56","guid":{"rendered":"https:\/\/depex.com.uy\/?post_type=product&#038;p=1612"},"modified":"2025-02-18T16:13:23","modified_gmt":"2025-02-18T19:13:23","slug":"botella-18-litros-plasutil-new-york-gris","status":"publish","type":"product","link":"https:\/\/depex.com.uy\/?product=botella-18-litros-plasutil-new-york-gris","title":{"rendered":"Botella 1,8 litros PLAS\u00daTIL \u00abNew York\u00bb (Gris)"},"content":{"rendered":"<p><strong>Caracter\u00edsticas:<\/strong><\/p>\n<ul>\n<li>Con un look retro y color gris, esta l\u00ednea combina versatilidad y estilo.<\/li>\n<li>Tapa fabricada en polipropileno (PP) y cuerpo fabricado en PET.<\/li>\n<li>Ambos no t\u00f3xicos y libres de bisfenol-A (BPA FREE).<\/li>\n<li>Lavar con esponja suave.<\/li>\n<li>Se puede llevar al congelador.<\/li>\n<\/ul>\n<p><strong>Dimensiones:<\/strong> \u00f8110x310mm<\/p>\n","protected":false},"excerpt":{"rendered":"<p>Caracter\u00edsticas: Con un look retro y color gris, esta l\u00ednea combina versatilidad y estilo. Tapa fabricada en polipropileno (PP) y cuerpo fabricado en PET. Ambos no t\u00f3xicos y libres de bisfenol-A (BPA FREE). Lavar con esponja suave. Se puede llevar al congelador. Dimensiones: \u00f8110x310mm<\/p>\n","protected":false},"featured_media":1613,"template":"","meta":[],"product_brand":[64],"product_cat":[49,25],"product_tag":[],"class_list":{"0":"post-1612","1":"product","2":"type-product","3":"status-publish","4":"has-post-thumbnail","6":"product_brand-plasutil","7":"product_cat-mesa","8":"product_cat-plasutil","10":"first","11":"instock","12":"taxable","13":"shipping-taxable","14":"purchasable","15":"product-type-simple"},"jetpack-related-posts":[],"jetpack_sharing_enabled":true,"_links":{"self":[{"href":"https:\/\/depex.com.uy\/index.php?rest_route=\/wp\/v2\/product\/1612","targetHints":{"allow":["GET"]}}],"collection":[{"href":"https:\/\/depex.com.uy\/index.php?rest_route=\/wp\/v2\/product"}],"about":[{"href":"https:\/\/depex.com.uy\/index.php?rest_route=\/wp\/v2\/types\/product"}],"wp:featuredmedia":[{"embeddable":true,"href":"https:\/\/depex.com.uy\/index.php?rest_route=\/wp\/v2\/media\/1613"}],"wp:attachment":[{"href":"https:\/\/depex.com.uy\/index.php?rest_route=%2Fwp%2Fv2%2Fmedia&parent=1612"}],"wp:term":[{"taxonomy":"product_brand","embeddable":true,"href":"https:\/\/depex.com.uy\/index.php?rest_route=%2Fwp%2Fv2%2Fproduct_brand&post=1612"},{"taxonomy":"product_cat","embeddable":true,"href":"https:\/\/depex.com.uy\/index.php?rest_route=%2Fwp%2Fv2%2Fproduct_cat&post=1612"},{"taxonomy":"product_tag","embeddable":true,"href":"https:\/\/depex.com.uy\/index.php?rest_route=%2Fwp%2Fv2%2Fproduct_tag&post=1612"}],"curies":[{"name":"wp","href":"https:\/\/api.w.org\/{rel}","templated":true}]}}