{"id":1659,"date":"2023-06-06T18:44:43","date_gmt":"2023-06-06T21:44:43","guid":{"rendered":"https:\/\/depex.com.uy\/?post_type=product&#038;p=1659"},"modified":"2025-02-25T17:57:32","modified_gmt":"2025-02-25T20:57:32","slug":"caja-organizadora-14-litros-plasutil-trama-blanco","status":"publish","type":"product","link":"https:\/\/depex.com.uy\/?product=caja-organizadora-14-litros-plasutil-trama-blanco","title":{"rendered":"Cesta Organizadora con Tapa 39x27x18cm 14 litros PLAS\u00daTIL \u00abTrama\u00bb (Blanco)"},"content":{"rendered":"<p><strong>Caracter\u00edsticas:<\/strong><\/p>\n<ul>\n<li>L\u00ednea de cajas organizadoras Trama, perfectas para tener objetos organizados y al alcance de la mano.<\/li>\n<li>Fabricado en pl\u00e1stico polipropileno, un material resistente y duradero que no contiene BPA.<\/li>\n<li>Con textura de tejido exclusivo que le da un toque l\u00fadico y divertido al ambiente.<\/li>\n<li>Tama\u00f1os variados para adaptarse a las diferentes necesidades de la organizaci\u00f3n.<\/li>\n<li>F\u00e1cil de limpiar y desinfectar, lo que garantiza un entorno saludable y seguro para los ni\u00f1os.<\/li>\n<li>Apilables y modulares. Varios tama\u00f1os y formas para satisfacer sus necesidades de espacio.<\/li>\n<\/ul>\n<p><strong>Dimensiones:<\/strong> 391x267x183 mm<\/p>\n","protected":false},"excerpt":{"rendered":"<p>Caracter\u00edsticas: L\u00ednea de cajas organizadoras Trama, perfectas para tener objetos organizados y al alcance de la mano. Fabricado en pl\u00e1stico polipropileno, un material resistente y duradero que no contiene BPA. Con textura de tejido exclusivo que le da un toque l\u00fadico y divertido al ambiente. Tama\u00f1os variados para adaptarse a las diferentes necesidades de la [&#8230;]\n","protected":false},"featured_media":1660,"template":"","meta":[],"product_brand":[64],"product_cat":[20,25],"product_tag":[],"class_list":{"0":"post-1659","1":"product","2":"type-product","3":"status-publish","4":"has-post-thumbnail","6":"product_brand-plasutil","7":"product_cat-organizacion","8":"product_cat-plasutil","10":"first","11":"instock","12":"taxable","13":"shipping-taxable","14":"purchasable","15":"product-type-simple"},"jetpack-related-posts":[],"jetpack_sharing_enabled":true,"_links":{"self":[{"href":"https:\/\/depex.com.uy\/index.php?rest_route=\/wp\/v2\/product\/1659","targetHints":{"allow":["GET"]}}],"collection":[{"href":"https:\/\/depex.com.uy\/index.php?rest_route=\/wp\/v2\/product"}],"about":[{"href":"https:\/\/depex.com.uy\/index.php?rest_route=\/wp\/v2\/types\/product"}],"wp:featuredmedia":[{"embeddable":true,"href":"https:\/\/depex.com.uy\/index.php?rest_route=\/wp\/v2\/media\/1660"}],"wp:attachment":[{"href":"https:\/\/depex.com.uy\/index.php?rest_route=%2Fwp%2Fv2%2Fmedia&parent=1659"}],"wp:term":[{"taxonomy":"product_brand","embeddable":true,"href":"https:\/\/depex.com.uy\/index.php?rest_route=%2Fwp%2Fv2%2Fproduct_brand&post=1659"},{"taxonomy":"product_cat","embeddable":true,"href":"https:\/\/depex.com.uy\/index.php?rest_route=%2Fwp%2Fv2%2Fproduct_cat&post=1659"},{"taxonomy":"product_tag","embeddable":true,"href":"https:\/\/depex.com.uy\/index.php?rest_route=%2Fwp%2Fv2%2Fproduct_tag&post=1659"}],"curies":[{"name":"wp","href":"https:\/\/api.w.org\/{rel}","templated":true}]}}

Cesta Organizadora con Tapa 39x27x18cm 14 litros PLASÚTIL «Trama» (Blanco)

<p><strong>Características:</strong></p>
<ul>
<li>Línea de cajas organizadoras Trama, perfectas para tener objetos organizados y al alcance de la mano.</li>
<li>Fabricado en plástico polipropileno, un material resistente y duradero que no contiene BPA.</li>
<li>Con textura de tejido exclusivo que le da un toque lúdico y divertido al ambiente.</li>
<li>Tamaños variados para adaptarse a las diferentes necesidades de la organización.</li>
<li>Fácil de limpiar y desinfectar, lo que garantiza un entorno saludable y seguro para los niños.</li>
<li>Apilables y modulares. Varios tamaños y formas para satisfacer sus necesidades de espacio.</li>
</ul>
<p><strong>Dimensiones:</strong> 391x267x183 mm</p>

<p>Características: Línea de cajas organizadoras Trama, perfectas para tener objetos organizados y al alcance de la mano. Fabricado en plástico polipropileno, un material resistente y duradero que no contiene BPA. Con textura de tejido exclusivo que le da un toque lúdico y divertido al ambiente. Tamaños variados para adaptarse a las diferentes necesidades de la [&#8230;]
