{"id":1707,"date":"2023-06-06T23:12:49","date_gmt":"2023-06-07T02:12:49","guid":{"rendered":"https:\/\/depex.com.uy\/?post_type=product&#038;p=1707"},"modified":"2025-02-18T16:13:27","modified_gmt":"2025-02-18T19:13:27","slug":"bandeja-de-cama-desayunador-tramontina-small-blanco","status":"publish","type":"product","link":"https:\/\/depex.com.uy\/?product=bandeja-de-cama-desayunador-tramontina-small-blanco","title":{"rendered":"Bandeja de Cama Desayunador TRAMONTINA \u00abSmall\u00bb (Blanco)"},"content":{"rendered":"<p><strong data-redactor-tag=\"strong\">Descripci\u00f3n:<\/strong><\/p>\n<p>Madera de pino en color natural, \u00e1ngulos de polipropileno no t\u00f3xico.<\/p>\n<div><strong data-redactor-tag=\"strong\">Principales funciones y beneficios:<\/strong><\/div>\n<ul>\n<li>Hecho de la madera natural de pino y dise\u00f1ada para cortar y servir<\/li>\n<li>La madera de los bosques de producci\u00f3n<\/li>\n<li>Dise\u00f1o Moderno<\/li>\n<li>Ideal para servir caf\u00e9, aperitivos y comidas<\/li>\n<\/ul>\n<div><strong data-redactor-tag=\"strong\">Recomendaciones de uso:<\/strong><\/div>\n<ul>\n<li>Retire el polvo con una franela seca o un pa\u00f1o ligeramente humedecido en agua.<\/li>\n<li>En el caso de limpiezas m\u00e1s pesadas, use una franela o un pa\u00f1o humedecido en agua y jab\u00f3n neutro. No usar productos qu\u00edmicos, esponjas de acero, cepillos o productos abrasivos.<\/li>\n<li>No se apoye en la bandeja.<\/li>\n<li>No apoyar alimentos calientes retirados directamente del horno o del microondas.<\/li>\n<li>No es apta para lavavajillas.<\/li>\n<li>No dejar el alimento en contacto directo con la bandeja.<\/li>\n<\/ul>\n<div><strong data-redactor-tag=\"strong\">Peso:<\/strong>\u00a00,82 kg<\/div>\n<div><strong data-redactor-tag=\"strong\">Dimensiones:<\/strong> 608x272x200 mm<\/div>\n<div><strong data-redactor-tag=\"strong\">Garant\u00eda:<\/strong>\u00a090 d\u00edas por defectos de fabricaci\u00f3n<\/div>\n","protected":false},"excerpt":{"rendered":"<p>Descripci\u00f3n: Madera de pino en color natural, \u00e1ngulos de polipropileno no t\u00f3xico. Principales funciones y beneficios: Hecho de la madera natural de pino y dise\u00f1ada para cortar y servir La madera de los bosques de producci\u00f3n Dise\u00f1o Moderno Ideal para servir caf\u00e9, aperitivos y comidas Recomendaciones de uso: Retire el polvo con una franela seca [&#8230;]\n","protected":false},"featured_media":1708,"template":"","meta":[],"product_brand":[65],"product_cat":[49,28],"product_tag":[],"class_list":{"0":"post-1707","1":"product","2":"type-product","3":"status-publish","4":"has-post-thumbnail","6":"product_brand-tramontina","7":"product_cat-mesa","8":"product_cat-tramontina","10":"first","11":"instock","12":"taxable","13":"shipping-taxable","14":"purchasable","15":"product-type-simple"},"jetpack-related-posts":[],"jetpack_sharing_enabled":true,"_links":{"self":[{"href":"https:\/\/depex.com.uy\/index.php?rest_route=\/wp\/v2\/product\/1707","targetHints":{"allow":["GET"]}}],"collection":[{"href":"https:\/\/depex.com.uy\/index.php?rest_route=\/wp\/v2\/product"}],"about":[{"href":"https:\/\/depex.com.uy\/index.php?rest_route=\/wp\/v2\/types\/product"}],"wp:featuredmedia":[{"embeddable":true,"href":"https:\/\/depex.com.uy\/index.php?rest_route=\/wp\/v2\/media\/1708"}],"wp:attachment":[{"href":"https:\/\/depex.com.uy\/index.php?rest_route=%2Fwp%2Fv2%2Fmedia&parent=1707"}],"wp:term":[{"taxonomy":"product_brand","embeddable":true,"href":"https:\/\/depex.com.uy\/index.php?rest_route=%2Fwp%2Fv2%2Fproduct_brand&post=1707"},{"taxonomy":"product_cat","embeddable":true,"href":"https:\/\/depex.com.uy\/index.php?rest_route=%2Fwp%2Fv2%2Fproduct_cat&post=1707"},{"taxonomy":"product_tag","embeddable":true,"href":"https:\/\/depex.com.uy\/index.php?rest_route=%2Fwp%2Fv2%2Fproduct_tag&post=1707"}],"curies":[{"name":"wp","href":"https:\/\/api.w.org\/{rel}","templated":true}]}}