{"id":1816,"date":"2023-06-08T15:04:13","date_gmt":"2023-06-08T18:04:13","guid":{"rendered":"https:\/\/depex.com.uy\/?post_type=product&#038;p=1816"},"modified":"2025-02-18T16:13:31","modified_gmt":"2025-02-18T19:13:31","slug":"vaso-500ml-plasutil-glamour-natural","status":"publish","type":"product","link":"https:\/\/depex.com.uy\/?product=vaso-500ml-plasutil-glamour-natural","title":{"rendered":"Vaso 500ml PLAS\u00daTIL \u00abGlamour\u00bb (Natural)"},"content":{"rendered":"<p><strong>Caracter\u00edsticas:<\/strong><\/p>\n<ul>\n<li><span>La l\u00ednea Cristal se renueva y llega en esta nueva colecci\u00f3n llena de sofisticaci\u00f3n y GLAMOUR. Los productos cuentan con superficies facetadas que van s\u00faper en contra de las principales tendencias en el segmento de mesas puestas y decoraci\u00f3n.<\/span><\/li>\n<li><span>\u00a1B\u00e1sico pero no tanto! Las piezas incoloras son vers\u00e1tiles y permiten infinitas producciones, desde casual hasta chic.<\/span><\/li>\n<li><span>Fabricado en poliestireno (PS).<\/span><\/li>\n<li><span>No se puede calentar en microondas.<\/span><\/li>\n<li><span>No apto para lavavajillas.<\/span><\/li>\n<li><span>Se puede llevar al congelador.<\/span><\/li>\n<li><span>Sugerimos lavar con el lado suave de la esponja.<\/span><\/li>\n<\/ul>\n<p><strong>Dimensiones:<\/strong> \u00f884x158mm<\/p>\n","protected":false},"excerpt":{"rendered":"<p>Caracter\u00edsticas: La l\u00ednea Cristal se renueva y llega en esta nueva colecci\u00f3n llena de sofisticaci\u00f3n y GLAMOUR. Los productos cuentan con superficies facetadas que van s\u00faper en contra de las principales tendencias en el segmento de mesas puestas y decoraci\u00f3n. \u00a1B\u00e1sico pero no tanto! Las piezas incoloras son vers\u00e1tiles y permiten infinitas producciones, desde casual [&#8230;]\n","protected":false},"featured_media":1817,"template":"","meta":[],"product_brand":[64],"product_cat":[49,25],"product_tag":[],"class_list":{"0":"post-1816","1":"product","2":"type-product","3":"status-publish","4":"has-post-thumbnail","6":"product_brand-plasutil","7":"product_cat-mesa","8":"product_cat-plasutil","10":"first","11":"instock","12":"taxable","13":"shipping-taxable","14":"purchasable","15":"product-type-simple"},"jetpack-related-posts":[],"jetpack_sharing_enabled":true,"_links":{"self":[{"href":"https:\/\/depex.com.uy\/index.php?rest_route=\/wp\/v2\/product\/1816","targetHints":{"allow":["GET"]}}],"collection":[{"href":"https:\/\/depex.com.uy\/index.php?rest_route=\/wp\/v2\/product"}],"about":[{"href":"https:\/\/depex.com.uy\/index.php?rest_route=\/wp\/v2\/types\/product"}],"wp:featuredmedia":[{"embeddable":true,"href":"https:\/\/depex.com.uy\/index.php?rest_route=\/wp\/v2\/media\/1817"}],"wp:attachment":[{"href":"https:\/\/depex.com.uy\/index.php?rest_route=%2Fwp%2Fv2%2Fmedia&parent=1816"}],"wp:term":[{"taxonomy":"product_brand","embeddable":true,"href":"https:\/\/depex.com.uy\/index.php?rest_route=%2Fwp%2Fv2%2Fproduct_brand&post=1816"},{"taxonomy":"product_cat","embeddable":true,"href":"https:\/\/depex.com.uy\/index.php?rest_route=%2Fwp%2Fv2%2Fproduct_cat&post=1816"},{"taxonomy":"product_tag","embeddable":true,"href":"https:\/\/depex.com.uy\/index.php?rest_route=%2Fwp%2Fv2%2Fproduct_tag&post=1816"}],"curies":[{"name":"wp","href":"https:\/\/api.w.org\/{rel}","templated":true}]}}

Vaso 500ml PLASÚTIL «Glamour» (Natural)

<p><strong>Características:</strong></p>
<ul>
<li><span>La línea Cristal se renueva y llega en esta nueva colección llena de sofisticación y GLAMOUR. Los productos cuentan con superficies facetadas que van súper en contra de las principales tendencias en el segmento de mesas puestas y decoración.</span></li>
<li><span>¡Básico pero no tanto! Las piezas incoloras son versátiles y permiten infinitas producciones, desde casual hasta chic.</span></li>
<li><span>Fabricado en poliestireno (PS).</span></li>
<li><span>No se puede calentar en microondas.</span></li>
<li><span>No apto para lavavajillas.</span></li>
<li><span>Se puede llevar al congelador.</span></li>
<li><span>Sugerimos lavar con el lado suave de la esponja.</span></li>
</ul>
<p><strong>Dimensiones:</strong> ø84x158mm</p>

<p>Características: La línea Cristal se renueva y llega en esta nueva colección llena de sofisticación y GLAMOUR. Los productos cuentan con superficies facetadas que van súper en contra de las principales tendencias en el segmento de mesas puestas y decoración. ¡Básico pero no tanto! Las piezas incoloras son versátiles y permiten infinitas producciones, desde casual [&#8230;]
