{"id":1818,"date":"2023-06-08T15:48:07","date_gmt":"2023-06-08T18:48:07","guid":{"rendered":"https:\/\/depex.com.uy\/?post_type=product&#038;p=1818"},"modified":"2025-02-18T16:13:31","modified_gmt":"2025-02-18T19:13:31","slug":"jarra-2-litros-plasutil-glamour-natural","status":"publish","type":"product","link":"https:\/\/depex.com.uy\/?product=jarra-2-litros-plasutil-glamour-natural","title":{"rendered":"Jarra 2 litros PLAS\u00daTIL \u00abGlamour\u00bb (Natural)"},"content":{"rendered":"<p><strong>Caracter\u00edsticas:<\/strong><\/p>\n<ul>\n<li>La l\u00ednea Cristal se renueva y llega en esta nueva colecci\u00f3n llena de sofisticaci\u00f3n y GLAMOUR. Los productos cuentan con superficies facetadas que van s\u00faper en contra de las principales tendencias en el segmento de mesas puestas y decoraci\u00f3n.<\/li>\n<li>\u00a1B\u00e1sico pero no tanto! Las piezas incoloras son vers\u00e1tiles y permiten infinitas producciones, desde casual hasta chic.<\/li>\n<li>Fabricado en poliestireno (PS).<\/li>\n<li>No se puede calentar en microondas.<\/li>\n<li>No apto para lavavajillas.<\/li>\n<li>Se puede llevar al congelador.<\/li>\n<li>Sugerimos lavar con el lado suave de la esponja.<\/li>\n<\/ul>\n<p><strong>Dimensiones:<\/strong> 192x135x254 mm<\/p>\n","protected":false},"excerpt":{"rendered":"<p>Caracter\u00edsticas: La l\u00ednea Cristal se renueva y llega en esta nueva colecci\u00f3n llena de sofisticaci\u00f3n y GLAMOUR. Los productos cuentan con superficies facetadas que van s\u00faper en contra de las principales tendencias en el segmento de mesas puestas y decoraci\u00f3n. \u00a1B\u00e1sico pero no tanto! Las piezas incoloras son vers\u00e1tiles y permiten infinitas producciones, desde casual [&#8230;]\n","protected":false},"featured_media":1819,"template":"","meta":[],"product_brand":[64],"product_cat":[49,25],"product_tag":[],"class_list":{"0":"post-1818","1":"product","2":"type-product","3":"status-publish","4":"has-post-thumbnail","6":"product_brand-plasutil","7":"product_cat-mesa","8":"product_cat-plasutil","10":"first","11":"instock","12":"taxable","13":"shipping-taxable","14":"purchasable","15":"product-type-simple"},"jetpack-related-posts":[],"jetpack_sharing_enabled":true,"_links":{"self":[{"href":"https:\/\/depex.com.uy\/index.php?rest_route=\/wp\/v2\/product\/1818","targetHints":{"allow":["GET"]}}],"collection":[{"href":"https:\/\/depex.com.uy\/index.php?rest_route=\/wp\/v2\/product"}],"about":[{"href":"https:\/\/depex.com.uy\/index.php?rest_route=\/wp\/v2\/types\/product"}],"wp:featuredmedia":[{"embeddable":true,"href":"https:\/\/depex.com.uy\/index.php?rest_route=\/wp\/v2\/media\/1819"}],"wp:attachment":[{"href":"https:\/\/depex.com.uy\/index.php?rest_route=%2Fwp%2Fv2%2Fmedia&parent=1818"}],"wp:term":[{"taxonomy":"product_brand","embeddable":true,"href":"https:\/\/depex.com.uy\/index.php?rest_route=%2Fwp%2Fv2%2Fproduct_brand&post=1818"},{"taxonomy":"product_cat","embeddable":true,"href":"https:\/\/depex.com.uy\/index.php?rest_route=%2Fwp%2Fv2%2Fproduct_cat&post=1818"},{"taxonomy":"product_tag","embeddable":true,"href":"https:\/\/depex.com.uy\/index.php?rest_route=%2Fwp%2Fv2%2Fproduct_tag&post=1818"}],"curies":[{"name":"wp","href":"https:\/\/api.w.org\/{rel}","templated":true}]}}

Jarra 2 litros PLASÚTIL «Glamour» (Natural)

<p><strong>Características:</strong></p>
<ul>
<li>La línea Cristal se renueva y llega en esta nueva colección llena de sofisticación y GLAMOUR. Los productos cuentan con superficies facetadas que van súper en contra de las principales tendencias en el segmento de mesas puestas y decoración.</li>
<li>¡Básico pero no tanto! Las piezas incoloras son versátiles y permiten infinitas producciones, desde casual hasta chic.</li>
<li>Fabricado en poliestireno (PS).</li>
<li>No se puede calentar en microondas.</li>
<li>No apto para lavavajillas.</li>
<li>Se puede llevar al congelador.</li>
<li>Sugerimos lavar con el lado suave de la esponja.</li>
</ul>
<p><strong>Dimensiones:</strong> 192x135x254 mm</p>

<p>Características: La línea Cristal se renueva y llega en esta nueva colección llena de sofisticación y GLAMOUR. Los productos cuentan con superficies facetadas que van súper en contra de las principales tendencias en el segmento de mesas puestas y decoración. ¡Básico pero no tanto! Las piezas incoloras son versátiles y permiten infinitas producciones, desde casual [&#8230;]
