{"id":1836,"date":"2023-06-08T16:52:56","date_gmt":"2023-06-08T19:52:56","guid":{"rendered":"https:\/\/depex.com.uy\/?post_type=product&#038;p=1836"},"modified":"2025-02-18T16:13:33","modified_gmt":"2025-02-18T19:13:33","slug":"basurero-para-armario-plasutil-ecoblack","status":"publish","type":"product","link":"https:\/\/depex.com.uy\/?product=basurero-para-armario-plasutil-ecoblack","title":{"rendered":"Basurero para Armario PLAS\u00daTIL \u00abEcoBlack\u00bb (Negro)"},"content":{"rendered":"<p><strong>Caracter\u00edsticas:<\/strong><\/p>\n<ul>\n<li><span>La papelera de armario garantiza mayor practicidad, limpieza y belleza para tu cocina, dejando la papelera escondida y siempre a mano.<\/span><\/li>\n<li><span>Practicidad para tu d\u00eda a d\u00eda.<\/span><\/li>\n<li><span>Con soporte que encaja en la puerta del armario (espesor m\u00e1ximo de la puerta: 2 cm).<\/span><\/li>\n<li><span>Compuesto por tapa, marco y soporte.<\/span><\/li>\n<li><span>Compatible con bolsas de mercado.<\/span><\/li>\n<li><span>Instrucciones de uso:<\/span><br \/>\n<span>1 &#8211; Retire la tapa y el anillo del soporte.<\/span><br \/>\n<span>2 &#8211; Pasar la bolsa por dentro del soporte, dejando las asas por fuera.<\/span><br \/>\n<span>3- Montar el anillo en el soporte, fijando la bolsa\/bolsita y la tapa.<\/span><\/li>\n<\/ul>\n<p><strong>Dimensiones:<\/strong> 250x140x55mm<\/p>\n","protected":false},"excerpt":{"rendered":"<p>Caracter\u00edsticas: La papelera de armario garantiza mayor practicidad, limpieza y belleza para tu cocina, dejando la papelera escondida y siempre a mano. Practicidad para tu d\u00eda a d\u00eda. Con soporte que encaja en la puerta del armario (espesor m\u00e1ximo de la puerta: 2 cm). Compuesto por tapa, marco y soporte. Compatible con bolsas de mercado. [&#8230;]\n","protected":false},"featured_media":1837,"template":"","meta":[],"product_brand":[64],"product_cat":[35,54,25],"product_tag":[],"class_list":{"0":"post-1836","1":"product","2":"type-product","3":"status-publish","4":"has-post-thumbnail","6":"product_brand-plasutil","7":"product_cat-basureros","8":"product_cat-limpieza","9":"product_cat-plasutil","11":"first","12":"instock","13":"taxable","14":"shipping-taxable","15":"purchasable","16":"product-type-simple"},"jetpack-related-posts":[],"jetpack_sharing_enabled":true,"_links":{"self":[{"href":"https:\/\/depex.com.uy\/index.php?rest_route=\/wp\/v2\/product\/1836","targetHints":{"allow":["GET"]}}],"collection":[{"href":"https:\/\/depex.com.uy\/index.php?rest_route=\/wp\/v2\/product"}],"about":[{"href":"https:\/\/depex.com.uy\/index.php?rest_route=\/wp\/v2\/types\/product"}],"wp:featuredmedia":[{"embeddable":true,"href":"https:\/\/depex.com.uy\/index.php?rest_route=\/wp\/v2\/media\/1837"}],"wp:attachment":[{"href":"https:\/\/depex.com.uy\/index.php?rest_route=%2Fwp%2Fv2%2Fmedia&parent=1836"}],"wp:term":[{"taxonomy":"product_brand","embeddable":true,"href":"https:\/\/depex.com.uy\/index.php?rest_route=%2Fwp%2Fv2%2Fproduct_brand&post=1836"},{"taxonomy":"product_cat","embeddable":true,"href":"https:\/\/depex.com.uy\/index.php?rest_route=%2Fwp%2Fv2%2Fproduct_cat&post=1836"},{"taxonomy":"product_tag","embeddable":true,"href":"https:\/\/depex.com.uy\/index.php?rest_route=%2Fwp%2Fv2%2Fproduct_tag&post=1836"}],"curies":[{"name":"wp","href":"https:\/\/api.w.org\/{rel}","templated":true}]}}