{"id":1868,"date":"2023-06-08T18:33:33","date_gmt":"2023-06-08T21:33:33","guid":{"rendered":"https:\/\/depex.com.uy\/?post_type=product&#038;p=1868"},"modified":"2025-02-18T16:13:34","modified_gmt":"2025-02-18T19:13:34","slug":"tabla-de-planchar-plegable-tramontina-compact","status":"publish","type":"product","link":"https:\/\/depex.com.uy\/?product=tabla-de-planchar-plegable-tramontina-compact","title":{"rendered":"Tabla de Planchar Plegable TRAMONTINA \u00abCompact\u00bb (Natural)"},"content":{"rendered":"<p><strong data-redactor-tag=\"strong\">Descripci\u00f3n:<\/strong><\/p>\n<p>La Tabla de Planchar Tramontina Modelo Compact con Forro y Soporte para Plancha es liviana y le trae funcionalidad a tu d\u00eda a d\u00eda. F\u00e1cil de guardar, tiene dos alturas f\u00e1cilmente ajustables y es fabricada en madera maciza de pino.<\/p>\n<p><strong data-redactor-tag=\"strong\">Principales funciones y beneficios:<\/strong><\/p>\n<ul>\n<li>Estructura de madera maciza colot natural.<\/li>\n<li>Composici\u00f3n de la tela: 56% algod\u00f3n y 44% poli\u00e9ster.<\/li>\n<li>Viene con soporte para ropas y plancha.<\/li>\n<li>Uso dom\u00e9stico.<\/li>\n<li>Ajuste de altura: 77 o 84 cm.<\/li>\n<li>Mayor superficie \u00fatil: 99&#215;30 cm.<\/li>\n<li>Medida del producto armado: 116 x 84 x 34 cm<\/li>\n<li>Medida producto cerrado (con soporte para plancha): 139 x 34 x 7,6 cm<\/li>\n<li>El producto debe estar cerrado para moverse.<\/li>\n<\/ul>\n<div><\/div>\n<div><strong data-redactor-tag=\"strong\">Recomendaciones de uso:<\/strong><\/div>\n<ul>\n<li>Retire el polvo solamente con una franela o pa\u00f1o seco.<\/li>\n<li>Para limpiezas m\u00e1s profundas, utilice una franela o pa\u00f1o humedecido con agua y jab\u00f3n neutro.<\/li>\n<li>No utilizar productos qu\u00edmicos, esponjas de acero o aluminio, cepillos o productos abrasivos.<\/li>\n<\/ul>\n<div><strong data-redactor-tag=\"strong\">Peso:<\/strong>\u00a04,75 kg<\/div>\n<div><strong data-redactor-tag=\"strong\">Garant\u00eda:<\/strong>\u00a090 d\u00edas por defectos de fabricaci\u00f3n<\/div>\n","protected":false},"excerpt":{"rendered":"<p>Descripci\u00f3n: La Tabla de Planchar Tramontina Modelo Compact con Forro y Soporte para Plancha es liviana y le trae funcionalidad a tu d\u00eda a d\u00eda. F\u00e1cil de guardar, tiene dos alturas f\u00e1cilmente ajustables y es fabricada en madera maciza de pino. Principales funciones y beneficios: Estructura de madera maciza colot natural. Composici\u00f3n de la tela: [&#8230;]\n","protected":false},"featured_media":1869,"template":"","meta":[],"product_brand":[65],"product_cat":[54,28],"product_tag":[],"class_list":{"0":"post-1868","1":"product","2":"type-product","3":"status-publish","4":"has-post-thumbnail","6":"product_brand-tramontina","7":"product_cat-limpieza","8":"product_cat-tramontina","10":"first","11":"instock","12":"taxable","13":"shipping-taxable","14":"purchasable","15":"product-type-simple"},"jetpack-related-posts":[],"jetpack_sharing_enabled":true,"_links":{"self":[{"href":"https:\/\/depex.com.uy\/index.php?rest_route=\/wp\/v2\/product\/1868","targetHints":{"allow":["GET"]}}],"collection":[{"href":"https:\/\/depex.com.uy\/index.php?rest_route=\/wp\/v2\/product"}],"about":[{"href":"https:\/\/depex.com.uy\/index.php?rest_route=\/wp\/v2\/types\/product"}],"wp:featuredmedia":[{"embeddable":true,"href":"https:\/\/depex.com.uy\/index.php?rest_route=\/wp\/v2\/media\/1869"}],"wp:attachment":[{"href":"https:\/\/depex.com.uy\/index.php?rest_route=%2Fwp%2Fv2%2Fmedia&parent=1868"}],"wp:term":[{"taxonomy":"product_brand","embeddable":true,"href":"https:\/\/depex.com.uy\/index.php?rest_route=%2Fwp%2Fv2%2Fproduct_brand&post=1868"},{"taxonomy":"product_cat","embeddable":true,"href":"https:\/\/depex.com.uy\/index.php?rest_route=%2Fwp%2Fv2%2Fproduct_cat&post=1868"},{"taxonomy":"product_tag","embeddable":true,"href":"https:\/\/depex.com.uy\/index.php?rest_route=%2Fwp%2Fv2%2Fproduct_tag&post=1868"}],"curies":[{"name":"wp","href":"https:\/\/api.w.org\/{rel}","templated":true}]}}