{"id":1884,"date":"2023-06-09T10:58:49","date_gmt":"2023-06-09T13:58:49","guid":{"rendered":"https:\/\/depex.com.uy\/?post_type=product&#038;p=1884"},"modified":"2025-02-18T16:13:35","modified_gmt":"2025-02-18T19:13:35","slug":"tabla-de-servir-de-madera-25cm-tramontina","status":"publish","type":"product","link":"https:\/\/depex.com.uy\/?product=tabla-de-servir-de-madera-25cm-tramontina","title":{"rendered":"Tabla de Servir de Madera 25cm TRAMONTINA (Natural)"},"content":{"rendered":"<p><strong data-redactor-tag=\"strong\">Descripci\u00f3n:<\/strong><\/p>\n<p>La belleza y el dise\u00f1o r\u00fastico de la tabla de apoyo Tramontina en madera maciza con acabado te\u00f1ido grapia 25&#215;19 cent\u00edmetros, ser\u00e1n los grandes protagonistas de su cocina. Perfecta para preparar y servir con mucho m\u00e1s estilo, est\u00e1 producida en madera maciza, cuenta con un acabado te\u00f1ido en color grapia y asas de cuero sint\u00e9tico, que le brindan un toque muy especial. \u00a1Su capacidad de 10 kilos le garantiza mucha versatilidad, que es indispensable en cualquier cocina!<\/p>\n<div><strong data-redactor-tag=\"strong\">Principales funciones y beneficios:<\/strong><\/div>\n<ul>\n<li>Estructura de madera maciza.<\/li>\n<li>Medidas de la tabla: 250x190x20mm.<\/li>\n<li>Terminaci\u00f3n te\u00f1ido garapa.<\/li>\n<li>Asas laterales en cuero sint\u00e9tico.<\/li>\n<li>La tonalidad del producto puede variar seg\u00fan la materia prima.<\/li>\n<li>El producto se encuentra sujeto una variaci\u00f3n de medida de hasta 2% de su contenido nominal.<\/li>\n<li>Capacidad 10 kg.<\/li>\n<\/ul>\n<div><strong data-redactor-tag=\"strong\">Garant\u00eda:<\/strong>\u00a090 d\u00edas por defectos de fabricaci\u00f3n<\/div>\n","protected":false},"excerpt":{"rendered":"<p>Descripci\u00f3n: La belleza y el dise\u00f1o r\u00fastico de la tabla de apoyo Tramontina en madera maciza con acabado te\u00f1ido grapia 25&#215;19 cent\u00edmetros, ser\u00e1n los grandes protagonistas de su cocina. Perfecta para preparar y servir con mucho m\u00e1s estilo, est\u00e1 producida en madera maciza, cuenta con un acabado te\u00f1ido en color grapia y asas de cuero [&#8230;]\n","protected":false},"featured_media":1885,"template":"","meta":[],"product_brand":[65],"product_cat":[49,28],"product_tag":[],"class_list":{"0":"post-1884","1":"product","2":"type-product","3":"status-publish","4":"has-post-thumbnail","6":"product_brand-tramontina","7":"product_cat-mesa","8":"product_cat-tramontina","10":"first","11":"instock","12":"taxable","13":"shipping-taxable","14":"purchasable","15":"product-type-simple"},"jetpack-related-posts":[],"jetpack_sharing_enabled":true,"_links":{"self":[{"href":"https:\/\/depex.com.uy\/index.php?rest_route=\/wp\/v2\/product\/1884","targetHints":{"allow":["GET"]}}],"collection":[{"href":"https:\/\/depex.com.uy\/index.php?rest_route=\/wp\/v2\/product"}],"about":[{"href":"https:\/\/depex.com.uy\/index.php?rest_route=\/wp\/v2\/types\/product"}],"wp:featuredmedia":[{"embeddable":true,"href":"https:\/\/depex.com.uy\/index.php?rest_route=\/wp\/v2\/media\/1885"}],"wp:attachment":[{"href":"https:\/\/depex.com.uy\/index.php?rest_route=%2Fwp%2Fv2%2Fmedia&parent=1884"}],"wp:term":[{"taxonomy":"product_brand","embeddable":true,"href":"https:\/\/depex.com.uy\/index.php?rest_route=%2Fwp%2Fv2%2Fproduct_brand&post=1884"},{"taxonomy":"product_cat","embeddable":true,"href":"https:\/\/depex.com.uy\/index.php?rest_route=%2Fwp%2Fv2%2Fproduct_cat&post=1884"},{"taxonomy":"product_tag","embeddable":true,"href":"https:\/\/depex.com.uy\/index.php?rest_route=%2Fwp%2Fv2%2Fproduct_tag&post=1884"}],"curies":[{"name":"wp","href":"https:\/\/api.w.org\/{rel}","templated":true}]}}

<p><strong data-redactor-tag="strong">Descripción:</strong></p>
<p>La belleza y el diseño rústico de la tabla de apoyo Tramontina en madera maciza con acabado teñido grapia 25&#215;19 centímetros, serán los grandes protagonistas de su cocina. Perfecta para preparar y servir con mucho más estilo, está producida en madera maciza, cuenta con un acabado teñido en color grapia y asas de cuero sintético, que le brindan un toque muy especial. ¡Su capacidad de 10 kilos le garantiza mucha versatilidad, que es indispensable en cualquier cocina!</p>
<div><strong data-redactor-tag="strong">Principales funciones y beneficios:</strong></div>
<ul>
<li>Estructura de madera maciza.</li>
<li>Medidas de la tabla: 250x190x20mm.</li>
<li>Terminación teñido garapa.</li>
<li>Asas laterales en cuero sintético.</li>
<li>La tonalidad del producto puede variar según la materia prima.</li>
<li>El producto se encuentra sujeto una variación de medida de hasta 2% de su contenido nominal.</li>
<li>Capacidad 10 kg.</li>
</ul>
<div><strong data-redactor-tag="strong">Garantía:</strong> 90 días por defectos de fabricación</div>

<p>Descripción: La belleza y el diseño rústico de la tabla de apoyo Tramontina en madera maciza con acabado teñido grapia 25&#215;19 centímetros, serán los grandes protagonistas de su cocina. Perfecta para preparar y servir con mucho más estilo, está producida en madera maciza, cuenta con un acabado teñido en color grapia y asas de cuero [&#8230;]
