{"id":1887,"date":"2023-06-09T13:35:33","date_gmt":"2023-06-09T16:35:33","guid":{"rendered":"https:\/\/depex.com.uy\/?post_type=product&#038;p=1887"},"modified":"2025-02-18T16:13:35","modified_gmt":"2025-02-18T19:13:35","slug":"tabla-de-servir-de-madera-35cm-tramontina","status":"publish","type":"product","link":"https:\/\/depex.com.uy\/?product=tabla-de-servir-de-madera-35cm-tramontina","title":{"rendered":"Tabla de Servir de Madera 35cm TRAMONTINA (Natural)"},"content":{"rendered":"<p><strong data-redactor-tag=\"strong\">Descripci\u00f3n:<\/strong><\/p>\n<p>\u00bfPrepar\u00f3 una cena especial para sus amigos, con aperitivos, fiambres y vinos? Entonces puede contar con la tabla de apoyo Tramontina en madera maciza con acabado te\u00f1ido grapia 35&#215;19 cent\u00edmetros. Indispensable para preparar y servir con mucho m\u00e1s estilo, est\u00e1 producida en madera maciza con un acabado te\u00f1ido en color grapia y posee asas de cuero sint\u00e9tico, que le agregan m\u00e1s practicidad. \u00a1Tiene capacidad para 10 kilos y dejar\u00e1 su cocina con un toque r\u00fastico y muy especial!<\/p>\n<div><strong data-redactor-tag=\"strong\">Principales funciones y beneficios:<\/strong><\/div>\n<ul>\n<li>Estructura de madera maciza.<\/li>\n<li>Medidas de la tabla: 350x190x20mm.<\/li>\n<li>Terminaci\u00f3n te\u00f1ido garapa.<\/li>\n<li>Asas laterales en cuero sint\u00e9tico.<\/li>\n<li>La tonalidad del producto puede variar seg\u00fan la materia prima.<\/li>\n<li>El producto se encuentra sujeto una variaci\u00f3n de medida de hasta 2% de su contenido nominal.<\/li>\n<li>Capacidad 10 kg.<\/li>\n<\/ul>\n<div><strong data-redactor-tag=\"strong\">Garant\u00eda:<\/strong>\u00a090 d\u00edas por defectos de fabricaci\u00f3n<\/div>\n","protected":false},"excerpt":{"rendered":"<p>Descripci\u00f3n: \u00bfPrepar\u00f3 una cena especial para sus amigos, con aperitivos, fiambres y vinos? Entonces puede contar con la tabla de apoyo Tramontina en madera maciza con acabado te\u00f1ido grapia 35&#215;19 cent\u00edmetros. Indispensable para preparar y servir con mucho m\u00e1s estilo, est\u00e1 producida en madera maciza con un acabado te\u00f1ido en color grapia y posee asas [&#8230;]\n","protected":false},"featured_media":1888,"template":"","meta":[],"product_brand":[65],"product_cat":[49,28],"product_tag":[],"class_list":{"0":"post-1887","1":"product","2":"type-product","3":"status-publish","4":"has-post-thumbnail","6":"product_brand-tramontina","7":"product_cat-mesa","8":"product_cat-tramontina","10":"first","11":"instock","12":"taxable","13":"shipping-taxable","14":"purchasable","15":"product-type-simple"},"jetpack-related-posts":[],"jetpack_sharing_enabled":true,"_links":{"self":[{"href":"https:\/\/depex.com.uy\/index.php?rest_route=\/wp\/v2\/product\/1887","targetHints":{"allow":["GET"]}}],"collection":[{"href":"https:\/\/depex.com.uy\/index.php?rest_route=\/wp\/v2\/product"}],"about":[{"href":"https:\/\/depex.com.uy\/index.php?rest_route=\/wp\/v2\/types\/product"}],"wp:featuredmedia":[{"embeddable":true,"href":"https:\/\/depex.com.uy\/index.php?rest_route=\/wp\/v2\/media\/1888"}],"wp:attachment":[{"href":"https:\/\/depex.com.uy\/index.php?rest_route=%2Fwp%2Fv2%2Fmedia&parent=1887"}],"wp:term":[{"taxonomy":"product_brand","embeddable":true,"href":"https:\/\/depex.com.uy\/index.php?rest_route=%2Fwp%2Fv2%2Fproduct_brand&post=1887"},{"taxonomy":"product_cat","embeddable":true,"href":"https:\/\/depex.com.uy\/index.php?rest_route=%2Fwp%2Fv2%2Fproduct_cat&post=1887"},{"taxonomy":"product_tag","embeddable":true,"href":"https:\/\/depex.com.uy\/index.php?rest_route=%2Fwp%2Fv2%2Fproduct_tag&post=1887"}],"curies":[{"name":"wp","href":"https:\/\/api.w.org\/{rel}","templated":true}]}}

<p><strong data-redactor-tag="strong">Descripción:</strong></p>
<p>¿Preparó una cena especial para sus amigos, con aperitivos, fiambres y vinos? Entonces puede contar con la tabla de apoyo Tramontina en madera maciza con acabado teñido grapia 35&#215;19 centímetros. Indispensable para preparar y servir con mucho más estilo, está producida en madera maciza con un acabado teñido en color grapia y posee asas de cuero sintético, que le agregan más practicidad. ¡Tiene capacidad para 10 kilos y dejará su cocina con un toque rústico y muy especial!</p>
<div><strong data-redactor-tag="strong">Principales funciones y beneficios:</strong></div>
<ul>
<li>Estructura de madera maciza.</li>
<li>Medidas de la tabla: 350x190x20mm.</li>
<li>Terminación teñido garapa.</li>
<li>Asas laterales en cuero sintético.</li>
<li>La tonalidad del producto puede variar según la materia prima.</li>
<li>El producto se encuentra sujeto una variación de medida de hasta 2% de su contenido nominal.</li>
<li>Capacidad 10 kg.</li>
</ul>
<div><strong data-redactor-tag="strong">Garantía:</strong> 90 días por defectos de fabricación</div>

<p>Descripción: ¿Preparó una cena especial para sus amigos, con aperitivos, fiambres y vinos? Entonces puede contar con la tabla de apoyo Tramontina en madera maciza con acabado teñido grapia 35&#215;19 centímetros. Indispensable para preparar y servir con mucho más estilo, está producida en madera maciza con un acabado teñido en color grapia y posee asas [&#8230;]
