{"id":3098,"date":"2024-08-17T01:32:56","date_gmt":"2024-08-17T04:32:56","guid":{"rendered":"https:\/\/depex.com.uy\/?post_type=product&#038;p=3098"},"modified":"2025-02-18T16:14:35","modified_gmt":"2025-02-18T19:14:35","slug":"air-fryer-1900w-5-litros-mondial-grand-family-negro","status":"publish","type":"product","link":"https:\/\/depex.com.uy\/?product=air-fryer-1900w-5-litros-mondial-grand-family-negro","title":{"rendered":"Air Fryer 1900W 5 litros MONDIAL \u00abGrand Family\u00bb (Negro)"},"content":{"rendered":"<p>La\u00a0air fryer Mondial tiene un dise\u00f1o compacto y ocupa poco espacio en la mesada de la cocina. Ideal para simplicar recetas del d\u00eda a d\u00eda y potenciar los resultados de sus preparaciones.<\/p>\n<p>Su tecnolog\u00eda de circulaci\u00f3n de aire caliente y la alta potencia posibilitan la rapidez en la preparacion de recetas.<\/p>\n<ul>\n<li><strong>Capacidad de 5 litros:<\/strong>\u00a0ideal para preparaciones familiares.<\/li>\n<li><strong>Cesto cuadrado:<\/strong>\u00a0su forma se adapta mejor a los alimentos, permitiendo una cocci\u00f3n m\u00e1s uniforme.<\/li>\n<li><strong>Dise\u00f1o compacto.<\/strong><\/li>\n<li><strong>Revestimiento antiadherente:<\/strong>\u00a0esta tecnolog\u00eda exclusiva de Mondial evita que los alimentos se peguen y hace que la limpieza sea muy facil, incluso pudiendo lavar el cesto en el lavavajilla.<\/li>\n<li><strong>Control de temperatura hasta 200\u00b0C.<\/strong><\/li>\n<li><strong>Aviso sonoro + apagado autom\u00e1tico<\/strong>\u00a0una vez cumplido el tiempo predefinido en el timer.<\/li>\n<li><strong>Incluye libro de recetas.<\/strong><\/li>\n<\/ul>\n<p><em>1 a\u00f1o de garant\u00eda.<\/em><\/p>\n","protected":false},"excerpt":{"rendered":"<p>La\u00a0air fryer Mondial tiene un dise\u00f1o compacto y ocupa poco espacio en la mesada de la cocina. Ideal para simplicar recetas del d\u00eda a d\u00eda y potenciar los resultados de sus preparaciones. Su tecnolog\u00eda de circulaci\u00f3n de aire caliente y la alta potencia posibilitan la rapidez en la preparacion de recetas. Capacidad de 5 litros:\u00a0ideal [&#8230;]\n","protected":false},"featured_media":3318,"template":"","meta":[],"product_brand":[70],"product_cat":[60,59],"product_tag":[],"class_list":{"0":"post-3098","1":"product","2":"type-product","3":"status-publish","4":"has-post-thumbnail","6":"product_brand-mondial","7":"product_cat-electrodomesticos","8":"product_cat-mondial","10":"first","11":"instock","12":"taxable","13":"shipping-taxable","14":"purchasable","15":"product-type-simple"},"jetpack-related-posts":[],"jetpack_sharing_enabled":true,"_links":{"self":[{"href":"https:\/\/depex.com.uy\/index.php?rest_route=\/wp\/v2\/product\/3098","targetHints":{"allow":["GET"]}}],"collection":[{"href":"https:\/\/depex.com.uy\/index.php?rest_route=\/wp\/v2\/product"}],"about":[{"href":"https:\/\/depex.com.uy\/index.php?rest_route=\/wp\/v2\/types\/product"}],"wp:featuredmedia":[{"embeddable":true,"href":"https:\/\/depex.com.uy\/index.php?rest_route=\/wp\/v2\/media\/3318"}],"wp:attachment":[{"href":"https:\/\/depex.com.uy\/index.php?rest_route=%2Fwp%2Fv2%2Fmedia&parent=3098"}],"wp:term":[{"taxonomy":"product_brand","embeddable":true,"href":"https:\/\/depex.com.uy\/index.php?rest_route=%2Fwp%2Fv2%2Fproduct_brand&post=3098"},{"taxonomy":"product_cat","embeddable":true,"href":"https:\/\/depex.com.uy\/index.php?rest_route=%2Fwp%2Fv2%2Fproduct_cat&post=3098"},{"taxonomy":"product_tag","embeddable":true,"href":"https:\/\/depex.com.uy\/index.php?rest_route=%2Fwp%2Fv2%2Fproduct_tag&post=3098"}],"curies":[{"name":"wp","href":"https:\/\/api.w.org\/{rel}","templated":true}]}}

<p>La air fryer Mondial tiene un diseño compacto y ocupa poco espacio en la mesada de la cocina. Ideal para simplicar recetas del día a día y potenciar los resultados de sus preparaciones.</p>
<p>Su tecnología de circulación de aire caliente y la alta potencia posibilitan la rapidez en la preparacion de recetas.</p>
<ul>
<li><strong>Capacidad de 5 litros:</strong> ideal para preparaciones familiares.</li>
<li><strong>Cesto cuadrado:</strong> su forma se adapta mejor a los alimentos, permitiendo una cocción más uniforme.</li>
<li><strong>Diseño compacto.</strong></li>
<li><strong>Revestimiento antiadherente:</strong> esta tecnología exclusiva de Mondial evita que los alimentos se peguen y hace que la limpieza sea muy facil, incluso pudiendo lavar el cesto en el lavavajilla.</li>
<li><strong>Control de temperatura hasta 200°C.</strong></li>
<li><strong>Aviso sonoro + apagado automático</strong> una vez cumplido el tiempo predefinido en el timer.</li>
<li><strong>Incluye libro de recetas.</strong></li>
</ul>
<p><em>1 año de garantía.</em></p>

<p>La air fryer Mondial tiene un diseño compacto y ocupa poco espacio en la mesada de la cocina. Ideal para simplicar recetas del día a día y potenciar los resultados de sus preparaciones. Su tecnología de circulación de aire caliente y la alta potencia posibilitan la rapidez en la preparacion de recetas. Capacidad de 5 litros: ideal [&#8230;]
