{"id":3111,"date":"2024-08-17T01:32:59","date_gmt":"2024-08-17T04:32:59","guid":{"rendered":"https:\/\/depex.com.uy\/?post_type=product&#038;p=3111"},"modified":"2025-02-18T16:14:39","modified_gmt":"2025-02-18T19:14:39","slug":"rizador-de-cabello-mondial-infinity-rojo","status":"publish","type":"product","link":"https:\/\/depex.com.uy\/?product=rizador-de-cabello-mondial-infinity-rojo","title":{"rendered":"Rizador de Cabello MONDIAL \u00abInfinity\u00bb (Rojo)"},"content":{"rendered":"<h6>2 en 1 &#8211; Modelar y ondular el cabello, f\u00e1cil y pr\u00e1ctico.<\/h6>\n<ul>\n<li><strong>Revestimiento cer\u00e1mico:<\/strong>\u00a0distribuye el calor de forma uniforme para garantizar la protecci\u00f3n del cabello.<\/li>\n<li><strong>Temperatura constante de 210\u00b0C.<\/strong><\/li>\n<\/ul>\n<p><em>1 a\u00f1o de garant\u00eda.<\/em><\/p>\n","protected":false},"excerpt":{"rendered":"<p>2 en 1 &#8211; Modelar y ondular el cabello, f\u00e1cil y pr\u00e1ctico. Revestimiento cer\u00e1mico:\u00a0distribuye el calor de forma uniforme para garantizar la protecci\u00f3n del cabello. Temperatura constante de 210\u00b0C. 1 a\u00f1o de garant\u00eda.<\/p>\n","protected":false},"featured_media":3388,"template":"","meta":[],"product_brand":[70],"product_cat":[60,59],"product_tag":[],"class_list":{"0":"post-3111","1":"product","2":"type-product","3":"status-publish","4":"has-post-thumbnail","6":"product_brand-mondial","7":"product_cat-electrodomesticos","8":"product_cat-mondial","10":"first","11":"instock","12":"taxable","13":"shipping-taxable","14":"purchasable","15":"product-type-simple"},"jetpack-related-posts":[],"jetpack_sharing_enabled":true,"_links":{"self":[{"href":"https:\/\/depex.com.uy\/index.php?rest_route=\/wp\/v2\/product\/3111","targetHints":{"allow":["GET"]}}],"collection":[{"href":"https:\/\/depex.com.uy\/index.php?rest_route=\/wp\/v2\/product"}],"about":[{"href":"https:\/\/depex.com.uy\/index.php?rest_route=\/wp\/v2\/types\/product"}],"wp:featuredmedia":[{"embeddable":true,"href":"https:\/\/depex.com.uy\/index.php?rest_route=\/wp\/v2\/media\/3388"}],"wp:attachment":[{"href":"https:\/\/depex.com.uy\/index.php?rest_route=%2Fwp%2Fv2%2Fmedia&parent=3111"}],"wp:term":[{"taxonomy":"product_brand","embeddable":true,"href":"https:\/\/depex.com.uy\/index.php?rest_route=%2Fwp%2Fv2%2Fproduct_brand&post=3111"},{"taxonomy":"product_cat","embeddable":true,"href":"https:\/\/depex.com.uy\/index.php?rest_route=%2Fwp%2Fv2%2Fproduct_cat&post=3111"},{"taxonomy":"product_tag","embeddable":true,"href":"https:\/\/depex.com.uy\/index.php?rest_route=%2Fwp%2Fv2%2Fproduct_tag&post=3111"}],"curies":[{"name":"wp","href":"https:\/\/api.w.org\/{rel}","templated":true}]}}