{"id":3125,"date":"2024-08-17T01:33:01","date_gmt":"2024-08-17T04:33:01","guid":{"rendered":"https:\/\/depex.com.uy\/?post_type=product&#038;p=3125"},"modified":"2025-02-18T16:14:42","modified_gmt":"2025-02-18T19:14:42","slug":"planchita-alisadora-de-pelo-60w-mondial-by-juliette-verde","status":"publish","type":"product","link":"https:\/\/depex.com.uy\/?product=planchita-alisadora-de-pelo-60w-mondial-by-juliette-verde","title":{"rendered":"Planchita Alisadora de Pelo 60W MONDIAL \u00abBy Juliette\u00bb (Verde)"},"content":{"rendered":"<h6>Cabellos lisos y sin marcas<\/h6>\n<p>Las placas fluctuantes se adecuan al cabello y alisan uniformemente.\u00a0Como resultado: un cabello con menos frizz y mucho mas brillante.<\/p>\n<ul>\n<li><strong>Revestimiento cer\u00e1mico + Iones Tourmaline:<\/strong>\u00a0Salud del cabello en primer lugar, las placas cuentan con revestimiento cer\u00e1mico con tecnolog\u00eda Tourmaline la cual emite iones y cierra la cut\u00edcula de los cabellos.<\/li>\n<li><strong>Titanio + part\u00edculas de plata:<\/strong>\u00a0reducen el tiempo de secado e inhibe la acci\u00f3n de bacterias, protegiendo el cuero cabelludo.<\/li>\n<li><strong>Control de temperatura:\u00a0<\/strong>Es posible cambiar la temperatura hasta los 220\u00b0C de acuerdo a las necesidades de cada cabello o peinado.<\/li>\n<li><strong>Sistema de seguridad:\u00a0<\/strong>evita quemaduras y el posible guardar con mucha m\u00e1s facilidad.<\/li>\n<\/ul>\n<p><em>1 a\u00f1o de garant\u00eda.<\/em><\/p>\n","protected":false},"excerpt":{"rendered":"<p>Cabellos lisos y sin marcas Las placas fluctuantes se adecuan al cabello y alisan uniformemente.\u00a0Como resultado: un cabello con menos frizz y mucho mas brillante. Revestimiento cer\u00e1mico + Iones Tourmaline:\u00a0Salud del cabello en primer lugar, las placas cuentan con revestimiento cer\u00e1mico con tecnolog\u00eda Tourmaline la cual emite iones y cierra la cut\u00edcula de los cabellos. [&#8230;]\n","protected":false},"featured_media":3461,"template":"","meta":[],"product_brand":[70],"product_cat":[60,59],"product_tag":[],"class_list":{"0":"post-3125","1":"product","2":"type-product","3":"status-publish","4":"has-post-thumbnail","6":"product_brand-mondial","7":"product_cat-electrodomesticos","8":"product_cat-mondial","10":"first","11":"instock","12":"taxable","13":"shipping-taxable","14":"purchasable","15":"product-type-simple"},"jetpack-related-posts":[],"jetpack_sharing_enabled":true,"_links":{"self":[{"href":"https:\/\/depex.com.uy\/index.php?rest_route=\/wp\/v2\/product\/3125","targetHints":{"allow":["GET"]}}],"collection":[{"href":"https:\/\/depex.com.uy\/index.php?rest_route=\/wp\/v2\/product"}],"about":[{"href":"https:\/\/depex.com.uy\/index.php?rest_route=\/wp\/v2\/types\/product"}],"wp:featuredmedia":[{"embeddable":true,"href":"https:\/\/depex.com.uy\/index.php?rest_route=\/wp\/v2\/media\/3461"}],"wp:attachment":[{"href":"https:\/\/depex.com.uy\/index.php?rest_route=%2Fwp%2Fv2%2Fmedia&parent=3125"}],"wp:term":[{"taxonomy":"product_brand","embeddable":true,"href":"https:\/\/depex.com.uy\/index.php?rest_route=%2Fwp%2Fv2%2Fproduct_brand&post=3125"},{"taxonomy":"product_cat","embeddable":true,"href":"https:\/\/depex.com.uy\/index.php?rest_route=%2Fwp%2Fv2%2Fproduct_cat&post=3125"},{"taxonomy":"product_tag","embeddable":true,"href":"https:\/\/depex.com.uy\/index.php?rest_route=%2Fwp%2Fv2%2Fproduct_tag&post=3125"}],"curies":[{"name":"wp","href":"https:\/\/api.w.org\/{rel}","templated":true}]}}

<h6>Cabellos lisos y sin marcas</h6>
<p>Las placas fluctuantes se adecuan al cabello y alisan uniformemente. Como resultado: un cabello con menos frizz y mucho mas brillante.</p>
<ul>
<li><strong>Revestimiento cerámico + Iones Tourmaline:</strong> Salud del cabello en primer lugar, las placas cuentan con revestimiento cerámico con tecnología Tourmaline la cual emite iones y cierra la cutícula de los cabellos.</li>
<li><strong>Titanio + partículas de plata:</strong> reducen el tiempo de secado e inhibe la acción de bacterias, protegiendo el cuero cabelludo.</li>
<li><strong>Control de temperatura: </strong>Es posible cambiar la temperatura hasta los 220°C de acuerdo a las necesidades de cada cabello o peinado.</li>
<li><strong>Sistema de seguridad: </strong>evita quemaduras y el posible guardar con mucha más facilidad.</li>
</ul>
<p><em>1 año de garantía.</em></p>

<p>Cabellos lisos y sin marcas Las placas fluctuantes se adecuan al cabello y alisan uniformemente. Como resultado: un cabello con menos frizz y mucho mas brillante. Revestimiento cerámico + Iones Tourmaline: Salud del cabello en primer lugar, las placas cuentan con revestimiento cerámico con tecnología Tourmaline la cual emite iones y cierra la cutícula de los cabellos. [&#8230;]
