{"id":3131,"date":"2024-08-17T01:33:17","date_gmt":"2024-08-17T04:33:17","guid":{"rendered":"https:\/\/depex.com.uy\/?post_type=product&#038;p=3131"},"modified":"2025-02-18T16:14:43","modified_gmt":"2025-02-18T19:14:43","slug":"secador-de-cabello-2000w-mondial-by-juliette-verde","status":"publish","type":"product","link":"https:\/\/depex.com.uy\/?product=secador-de-cabello-2000w-mondial-by-juliette-verde","title":{"rendered":"Secador de Cabello 2000W MONDIAL \u00abBy Juliette\u00bb (Verde)"},"content":{"rendered":"<p>Revestimiento especial 4 elementos &#8211; Salud del cabello en primer lugar, las placas cuentan con revestimiento cer\u00e1mico con tecnolog\u00eda Tourmaline la cual emite iones y cierra la cut\u00edcula de los cabellos. Como resultado: un cabello con menos friz y mucho mas brillante. Adem\u00e1s, cuenta con titanio y part\u00edculas de plata que reducen el tiempo de secado e inhibe la acci\u00f3n de bacterias, protegiendo el cuero cabelludo.<br \/>\nMotor profesional &#8211; Dise\u00f1ado para largas horas de uso sin sobrecalentamiento. Desempa\u00f1o y durabilidad garantizados.<br \/>\n2 velocidades + 2 temperaturas &#8211; Posibilidad de alternar entre variaciones de velocidad y temperatura para el secado.<br \/>\nPotencia de 2000W &#8211; Alta potencia para un secado r\u00e1pido y eficiente.<br \/>\n1 a\u00f1o de garant\u00eda.<\/p>\n","protected":false},"excerpt":{"rendered":"<p>Revestimiento especial 4 elementos &#8211; Salud del cabello en primer lugar, las placas cuentan con revestimiento cer\u00e1mico con tecnolog\u00eda Tourmaline la cual emite iones y cierra la cut\u00edcula de los cabellos. Como resultado: un cabello con menos friz y mucho mas brillante. Adem\u00e1s, cuenta con titanio y part\u00edculas de plata que reducen el tiempo de [&#8230;]\n","protected":false},"featured_media":3679,"template":"","meta":[],"product_brand":[70],"product_cat":[60,59],"product_tag":[],"class_list":{"0":"post-3131","1":"product","2":"type-product","3":"status-publish","4":"has-post-thumbnail","6":"product_brand-mondial","7":"product_cat-electrodomesticos","8":"product_cat-mondial","10":"first","11":"instock","12":"taxable","13":"shipping-taxable","14":"purchasable","15":"product-type-simple"},"jetpack-related-posts":[],"jetpack_sharing_enabled":true,"_links":{"self":[{"href":"https:\/\/depex.com.uy\/index.php?rest_route=\/wp\/v2\/product\/3131","targetHints":{"allow":["GET"]}}],"collection":[{"href":"https:\/\/depex.com.uy\/index.php?rest_route=\/wp\/v2\/product"}],"about":[{"href":"https:\/\/depex.com.uy\/index.php?rest_route=\/wp\/v2\/types\/product"}],"wp:featuredmedia":[{"embeddable":true,"href":"https:\/\/depex.com.uy\/index.php?rest_route=\/wp\/v2\/media\/3679"}],"wp:attachment":[{"href":"https:\/\/depex.com.uy\/index.php?rest_route=%2Fwp%2Fv2%2Fmedia&parent=3131"}],"wp:term":[{"taxonomy":"product_brand","embeddable":true,"href":"https:\/\/depex.com.uy\/index.php?rest_route=%2Fwp%2Fv2%2Fproduct_brand&post=3131"},{"taxonomy":"product_cat","embeddable":true,"href":"https:\/\/depex.com.uy\/index.php?rest_route=%2Fwp%2Fv2%2Fproduct_cat&post=3131"},{"taxonomy":"product_tag","embeddable":true,"href":"https:\/\/depex.com.uy\/index.php?rest_route=%2Fwp%2Fv2%2Fproduct_tag&post=3131"}],"curies":[{"name":"wp","href":"https:\/\/api.w.org\/{rel}","templated":true}]}}