{"id":3176,"date":"2024-08-17T01:33:41","date_gmt":"2024-08-17T04:33:41","guid":{"rendered":"https:\/\/depex.com.uy\/?post_type=product&#038;p=3176"},"modified":"2025-02-25T21:39:49","modified_gmt":"2025-02-26T00:39:49","slug":"cesta-organizadora-8-litros-ou-grid-beige","status":"publish","type":"product","link":"https:\/\/depex.com.uy\/?product=cesta-organizadora-8-litros-ou-grid-beige","title":{"rendered":"Cesta Organizadora 28x22x15cm 8 litros OU \u00abGrid\u00bb (Beige)"},"content":{"rendered":"<p><strong>Descripci\u00f3n:<\/strong><\/p>\n<p>La <strong>Cesta Organizadora OU \u00abGrid\u00bb<\/strong> de 8 litros en color beige es ideal para mantener en orden peque\u00f1os objetos en tu hogar u oficina. Su dise\u00f1o compacto y su estructura abierta tipo rejilla permiten una excelente ventilaci\u00f3n, mientras que su tama\u00f1o es perfecto para organizar espacios reducidos.<\/p>\n<p><strong>Caracter\u00edsticas:<\/strong><\/p>\n<ul>\n<li><strong>Marca:<\/strong> OU<\/li>\n<li><strong>Modelo:<\/strong> Grid<\/li>\n<li><strong>Color:<\/strong> Beige<\/li>\n<li><strong>Capacidad:<\/strong> 8 litros<\/li>\n<li><strong>Material:<\/strong> Pl\u00e1stico resistente<\/li>\n<li><strong>Dise\u00f1o:<\/strong> Estructura de rejilla abierta que facilita la ventilaci\u00f3n y acceso r\u00e1pido a los objetos almacenados.<\/li>\n<\/ul>\n<p><strong>Uso recomendado:<\/strong><br \/>\nIdeal para organizar accesorios, productos de higiene, papeler\u00eda o cualquier otro art\u00edculo peque\u00f1o en el ba\u00f1o, oficina, cocina o dormitorio.<\/p>\n","protected":false},"excerpt":{"rendered":"<p>Descripci\u00f3n: La Cesta Organizadora OU \u00abGrid\u00bb de 8 litros en color beige es ideal para mantener en orden peque\u00f1os objetos en tu hogar u oficina. Su dise\u00f1o compacto y su estructura abierta tipo rejilla permiten una excelente ventilaci\u00f3n, mientras que su tama\u00f1o es perfecto para organizar espacios reducidos. Caracter\u00edsticas: Marca: OU Modelo: Grid Color: Beige [&#8230;]\n","protected":false},"featured_media":4853,"template":"","meta":[],"product_brand":[63],"product_cat":[20,26],"product_tag":[],"class_list":{"0":"post-3176","1":"product","2":"type-product","3":"status-publish","4":"has-post-thumbnail","6":"product_brand-ou","7":"product_cat-organizacion","8":"product_cat-ou","10":"first","11":"instock","12":"taxable","13":"shipping-taxable","14":"purchasable","15":"product-type-simple"},"jetpack-related-posts":[],"jetpack_sharing_enabled":true,"_links":{"self":[{"href":"https:\/\/depex.com.uy\/index.php?rest_route=\/wp\/v2\/product\/3176","targetHints":{"allow":["GET"]}}],"collection":[{"href":"https:\/\/depex.com.uy\/index.php?rest_route=\/wp\/v2\/product"}],"about":[{"href":"https:\/\/depex.com.uy\/index.php?rest_route=\/wp\/v2\/types\/product"}],"wp:featuredmedia":[{"embeddable":true,"href":"https:\/\/depex.com.uy\/index.php?rest_route=\/wp\/v2\/media\/4853"}],"wp:attachment":[{"href":"https:\/\/depex.com.uy\/index.php?rest_route=%2Fwp%2Fv2%2Fmedia&parent=3176"}],"wp:term":[{"taxonomy":"product_brand","embeddable":true,"href":"https:\/\/depex.com.uy\/index.php?rest_route=%2Fwp%2Fv2%2Fproduct_brand&post=3176"},{"taxonomy":"product_cat","embeddable":true,"href":"https:\/\/depex.com.uy\/index.php?rest_route=%2Fwp%2Fv2%2Fproduct_cat&post=3176"},{"taxonomy":"product_tag","embeddable":true,"href":"https:\/\/depex.com.uy\/index.php?rest_route=%2Fwp%2Fv2%2Fproduct_tag&post=3176"}],"curies":[{"name":"wp","href":"https:\/\/api.w.org\/{rel}","templated":true}]}}