{"id":3205,"date":"2024-08-17T01:34:02","date_gmt":"2024-08-17T04:34:02","guid":{"rendered":"https:\/\/depex.com.uy\/?post_type=product&#038;p=3205"},"modified":"2025-02-18T16:15:00","modified_gmt":"2025-02-18T19:15:00","slug":"organizador-6-compartimientos-ou-bold-blanco","status":"publish","type":"product","link":"https:\/\/depex.com.uy\/?product=organizador-6-compartimientos-ou-bold-blanco","title":{"rendered":"Organizador 6 Compartimientos OU \u00abBold\u00bb (Blanco)"},"content":{"rendered":"<p class=\"lojaou-lojaou-3-x-titleDetalhes\"><strong>Detalles del producto<\/strong><\/p>\n<ul class=\"lojaou-lojaou-3-x-splitList\">\n<li>6 compartimentos de diferentes tama\u00f1os para adaptarse a tus necesidades<\/li>\n<li>Ideal para tu rutina de maquillaje y cuidado de la piel.<\/li>\n<li>Divisor extra\u00edble para una f\u00e1cil limpieza.<\/li>\n<\/ul>\n","protected":false},"excerpt":{"rendered":"<p>Detalles del producto 6 compartimentos de diferentes tama\u00f1os para adaptarse a tus necesidades Ideal para tu rutina de maquillaje y cuidado de la piel. Divisor extra\u00edble para una f\u00e1cil limpieza.<\/p>\n","protected":false},"featured_media":3906,"template":"","meta":[],"product_brand":[63],"product_cat":[21,26],"product_tag":[],"class_list":{"0":"post-3205","1":"product","2":"type-product","3":"status-publish","4":"has-post-thumbnail","6":"product_brand-ou","7":"product_cat-bano","8":"product_cat-ou","10":"first","11":"instock","12":"taxable","13":"shipping-taxable","14":"purchasable","15":"product-type-simple"},"jetpack-related-posts":[],"jetpack_sharing_enabled":true,"_links":{"self":[{"href":"https:\/\/depex.com.uy\/index.php?rest_route=\/wp\/v2\/product\/3205","targetHints":{"allow":["GET"]}}],"collection":[{"href":"https:\/\/depex.com.uy\/index.php?rest_route=\/wp\/v2\/product"}],"about":[{"href":"https:\/\/depex.com.uy\/index.php?rest_route=\/wp\/v2\/types\/product"}],"wp:featuredmedia":[{"embeddable":true,"href":"https:\/\/depex.com.uy\/index.php?rest_route=\/wp\/v2\/media\/3906"}],"wp:attachment":[{"href":"https:\/\/depex.com.uy\/index.php?rest_route=%2Fwp%2Fv2%2Fmedia&parent=3205"}],"wp:term":[{"taxonomy":"product_brand","embeddable":true,"href":"https:\/\/depex.com.uy\/index.php?rest_route=%2Fwp%2Fv2%2Fproduct_brand&post=3205"},{"taxonomy":"product_cat","embeddable":true,"href":"https:\/\/depex.com.uy\/index.php?rest_route=%2Fwp%2Fv2%2Fproduct_cat&post=3205"},{"taxonomy":"product_tag","embeddable":true,"href":"https:\/\/depex.com.uy\/index.php?rest_route=%2Fwp%2Fv2%2Fproduct_tag&post=3205"}],"curies":[{"name":"wp","href":"https:\/\/api.w.org\/{rel}","templated":true}]}}