{"id":3212,"date":"2024-08-17T01:34:03","date_gmt":"2024-08-17T04:34:03","guid":{"rendered":"https:\/\/depex.com.uy\/?post_type=product&#038;p=3212"},"modified":"2025-02-18T16:15:01","modified_gmt":"2025-02-18T19:15:01","slug":"organizador-de-huevos-14-unidades-ou-roll-clear-blanco","status":"publish","type":"product","link":"https:\/\/depex.com.uy\/?product=organizador-de-huevos-14-unidades-ou-roll-clear-blanco","title":{"rendered":"Organizador de Huevos 14 Unidades OU \u00abRoll Clear\u00bb (Blanco)"},"content":{"rendered":"<h5>Descripci\u00f3n:<\/h5>\n<p>El organizador de huevos Clear Fresh con movimiento autom\u00e1tico permite una rutina m\u00e1s ligera y pr\u00e1ctica, gracias al sistema inteligente de enrollado de huevos. Aporta el frescor y el confort que necesitas para una vida m\u00e1s saludable. Su dise\u00f1o fue pensado para el almacenamiento dentro del refrigerador en lugar de la puerta, evitando cambios constantes de temperatura que puedan deteriorar los huevos, manteniendo una rutina libre de desperdicios. Fabricado en material resistente (PS transparente), el organizador garantiza durabilidad, practicidad y f\u00e1cil limpieza. Transparencia, belleza y cuidado de los alimentos son caracter\u00edsticas de la l\u00ednea Clear Fresh, perfecta para ayudar a organizar tu frigor\u00edfico y hacerte el d\u00eda a d\u00eda m\u00e1s f\u00e1cil.<\/p>\n","protected":false},"excerpt":{"rendered":"<p>Descripci\u00f3n: El organizador de huevos Clear Fresh con movimiento autom\u00e1tico permite una rutina m\u00e1s ligera y pr\u00e1ctica, gracias al sistema inteligente de enrollado de huevos. Aporta el frescor y el confort que necesitas para una vida m\u00e1s saludable. Su dise\u00f1o fue pensado para el almacenamiento dentro del refrigerador en lugar de la puerta, evitando cambios [&#8230;]\n","protected":false},"featured_media":3924,"template":"","meta":[],"product_brand":[63],"product_cat":[19,26],"product_tag":[],"class_list":{"0":"post-3212","1":"product","2":"type-product","3":"status-publish","4":"has-post-thumbnail","6":"product_brand-ou","7":"product_cat-cocina","8":"product_cat-ou","10":"first","11":"instock","12":"taxable","13":"shipping-taxable","14":"purchasable","15":"product-type-simple"},"jetpack-related-posts":[],"jetpack_sharing_enabled":true,"_links":{"self":[{"href":"https:\/\/depex.com.uy\/index.php?rest_route=\/wp\/v2\/product\/3212","targetHints":{"allow":["GET"]}}],"collection":[{"href":"https:\/\/depex.com.uy\/index.php?rest_route=\/wp\/v2\/product"}],"about":[{"href":"https:\/\/depex.com.uy\/index.php?rest_route=\/wp\/v2\/types\/product"}],"wp:featuredmedia":[{"embeddable":true,"href":"https:\/\/depex.com.uy\/index.php?rest_route=\/wp\/v2\/media\/3924"}],"wp:attachment":[{"href":"https:\/\/depex.com.uy\/index.php?rest_route=%2Fwp%2Fv2%2Fmedia&parent=3212"}],"wp:term":[{"taxonomy":"product_brand","embeddable":true,"href":"https:\/\/depex.com.uy\/index.php?rest_route=%2Fwp%2Fv2%2Fproduct_brand&post=3212"},{"taxonomy":"product_cat","embeddable":true,"href":"https:\/\/depex.com.uy\/index.php?rest_route=%2Fwp%2Fv2%2Fproduct_cat&post=3212"},{"taxonomy":"product_tag","embeddable":true,"href":"https:\/\/depex.com.uy\/index.php?rest_route=%2Fwp%2Fv2%2Fproduct_tag&post=3212"}],"curies":[{"name":"wp","href":"https:\/\/api.w.org\/{rel}","templated":true}]}}