{"id":3240,"date":"2024-08-17T01:34:24","date_gmt":"2024-08-17T04:34:24","guid":{"rendered":"https:\/\/depex.com.uy\/?post_type=product&#038;p=3240"},"modified":"2025-02-18T16:15:07","modified_gmt":"2025-02-18T19:15:07","slug":"jabonera-con-tapa-ou-soft-rosa","status":"publish","type":"product","link":"https:\/\/depex.com.uy\/?product=jabonera-con-tapa-ou-soft-rosa","title":{"rendered":"Jabonera con Tapa OU \u00abSoft\u00bb (Rosa)"},"content":{"rendered":"<div class=\"lojaou-lojaou-3-x-triggerDescricao\">\n<h5 class=\"lojaou-lojaou-3-x-titleDescricao\"><span>Descripci\u00f3n<\/span><\/h5>\n<\/div>\n<p class=\"lojaou-lojaou-3-x-valueDescricao\"><span>La Jabonera Suave es perfecta para ayudar con la higiene personal durante el d\u00eda a d\u00eda. F\u00e1cil de transportar, ll\u00e9valo siempre contigo a cualquier lugar, como al gimnasio y de viaje, de una forma sencilla y pr\u00e1ctica. La l\u00ednea fue desarrollada priorizando la practicidad en tu vida diaria y el cuidado de la higiene, por eso cuenta con ranuras que evitan que el jab\u00f3n se pegue a la jabonera y un cierre de seguridad para mantener el jab\u00f3n protegido. Adem\u00e1s de ser ergon\u00f3mico, facilita el agarre. El producto est\u00e1 fabricado en pl\u00e1stico at\u00f3xico (polipropileno) y tiene esquinas redondeadas que facilitan la limpieza. En el gimnasio o de viaje, la jabonera suave es tu aliado perfecto para ayudarte en varios momentos de tu d\u00eda, siendo tu acompa\u00f1ante en todo momento.<\/span><\/p>\n","protected":false},"excerpt":{"rendered":"<p>Descripci\u00f3n La Jabonera Suave es perfecta para ayudar con la higiene personal durante el d\u00eda a d\u00eda. F\u00e1cil de transportar, ll\u00e9valo siempre contigo a cualquier lugar, como al gimnasio y de viaje, de una forma sencilla y pr\u00e1ctica. La l\u00ednea fue desarrollada priorizando la practicidad en tu vida diaria y el cuidado de la higiene, [&#8230;]\n","protected":false},"featured_media":4036,"template":"","meta":[],"product_brand":[63],"product_cat":[21,26,38],"product_tag":[],"class_list":{"0":"post-3240","1":"product","2":"type-product","3":"status-publish","4":"has-post-thumbnail","6":"product_brand-ou","7":"product_cat-bano","8":"product_cat-ou","9":"product_cat-uso-personal","11":"first","12":"instock","13":"taxable","14":"shipping-taxable","15":"purchasable","16":"product-type-simple"},"jetpack-related-posts":[],"jetpack_sharing_enabled":true,"_links":{"self":[{"href":"https:\/\/depex.com.uy\/index.php?rest_route=\/wp\/v2\/product\/3240","targetHints":{"allow":["GET"]}}],"collection":[{"href":"https:\/\/depex.com.uy\/index.php?rest_route=\/wp\/v2\/product"}],"about":[{"href":"https:\/\/depex.com.uy\/index.php?rest_route=\/wp\/v2\/types\/product"}],"wp:featuredmedia":[{"embeddable":true,"href":"https:\/\/depex.com.uy\/index.php?rest_route=\/wp\/v2\/media\/4036"}],"wp:attachment":[{"href":"https:\/\/depex.com.uy\/index.php?rest_route=%2Fwp%2Fv2%2Fmedia&parent=3240"}],"wp:term":[{"taxonomy":"product_brand","embeddable":true,"href":"https:\/\/depex.com.uy\/index.php?rest_route=%2Fwp%2Fv2%2Fproduct_brand&post=3240"},{"taxonomy":"product_cat","embeddable":true,"href":"https:\/\/depex.com.uy\/index.php?rest_route=%2Fwp%2Fv2%2Fproduct_cat&post=3240"},{"taxonomy":"product_tag","embeddable":true,"href":"https:\/\/depex.com.uy\/index.php?rest_route=%2Fwp%2Fv2%2Fproduct_tag&post=3240"}],"curies":[{"name":"wp","href":"https:\/\/api.w.org\/{rel}","templated":true}]}}