{"id":3258,"date":"2024-08-17T01:34:41","date_gmt":"2024-08-17T04:34:41","guid":{"rendered":"https:\/\/depex.com.uy\/?post_type=product&#038;p=3258"},"modified":"2025-02-18T16:15:12","modified_gmt":"2025-02-18T19:15:12","slug":"copa-cerveza-450-ml-ou-natural","status":"publish","type":"product","link":"https:\/\/depex.com.uy\/?product=copa-cerveza-450-ml-ou-natural","title":{"rendered":"Copa 450ml OU \u00abCerveza\u00bb (Natural)"},"content":{"rendered":"<div class=\"lojaou-lojaou-3-x-triggerDescricao\">\n<h6 class=\"lojaou-lojaou-3-x-titleDescricao\"><span>Descripci\u00f3n<\/span><\/h6>\n<\/div>\n<p class=\"lojaou-lojaou-3-x-valueDescricao\"><span>El Vaso de Cerveza de 450ml es perfecto para quienes buscan funcionalidad y belleza a la hora de servir, con un dise\u00f1o cl\u00e1sico y color transparente para combinar con cualquier tipo de mesa. El Beer Cup tiene un asa ergon\u00f3mica que garantiza un c\u00f3modo manejo y transporte. Fabricado en material r\u00edgido y brillante (PS), adem\u00e1s de esquinas redondeadas que facilitan la limpieza. Practicidad, belleza y dise\u00f1o son las caracter\u00edsticas de la l\u00ednea de servicio dise\u00f1ada para brindar calidad en la organizaci\u00f3n de la mesa.<\/span><\/p>\n","protected":false},"excerpt":{"rendered":"<p>Descripci\u00f3n El Vaso de Cerveza de 450ml es perfecto para quienes buscan funcionalidad y belleza a la hora de servir, con un dise\u00f1o cl\u00e1sico y color transparente para combinar con cualquier tipo de mesa. El Beer Cup tiene un asa ergon\u00f3mica que garantiza un c\u00f3modo manejo y transporte. Fabricado en material r\u00edgido y brillante (PS), [&#8230;]\n","protected":false},"featured_media":4089,"template":"","meta":[],"product_brand":[63],"product_cat":[49,26],"product_tag":[],"class_list":{"0":"post-3258","1":"product","2":"type-product","3":"status-publish","4":"has-post-thumbnail","6":"product_brand-ou","7":"product_cat-mesa","8":"product_cat-ou","10":"first","11":"instock","12":"taxable","13":"shipping-taxable","14":"purchasable","15":"product-type-simple"},"jetpack-related-posts":[],"jetpack_sharing_enabled":true,"_links":{"self":[{"href":"https:\/\/depex.com.uy\/index.php?rest_route=\/wp\/v2\/product\/3258","targetHints":{"allow":["GET"]}}],"collection":[{"href":"https:\/\/depex.com.uy\/index.php?rest_route=\/wp\/v2\/product"}],"about":[{"href":"https:\/\/depex.com.uy\/index.php?rest_route=\/wp\/v2\/types\/product"}],"wp:featuredmedia":[{"embeddable":true,"href":"https:\/\/depex.com.uy\/index.php?rest_route=\/wp\/v2\/media\/4089"}],"wp:attachment":[{"href":"https:\/\/depex.com.uy\/index.php?rest_route=%2Fwp%2Fv2%2Fmedia&parent=3258"}],"wp:term":[{"taxonomy":"product_brand","embeddable":true,"href":"https:\/\/depex.com.uy\/index.php?rest_route=%2Fwp%2Fv2%2Fproduct_brand&post=3258"},{"taxonomy":"product_cat","embeddable":true,"href":"https:\/\/depex.com.uy\/index.php?rest_route=%2Fwp%2Fv2%2Fproduct_cat&post=3258"},{"taxonomy":"product_tag","embeddable":true,"href":"https:\/\/depex.com.uy\/index.php?rest_route=%2Fwp%2Fv2%2Fproduct_tag&post=3258"}],"curies":[{"name":"wp","href":"https:\/\/api.w.org\/{rel}","templated":true}]}}