{"id":3259,"date":"2024-08-17T01:34:41","date_gmt":"2024-08-17T04:34:41","guid":{"rendered":"https:\/\/depex.com.uy\/?post_type=product&#038;p=3259"},"modified":"2025-02-18T16:15:12","modified_gmt":"2025-02-18T19:15:12","slug":"porta-cepillo-de-dientes-ou-dental-up-rosa","status":"publish","type":"product","link":"https:\/\/depex.com.uy\/?product=porta-cepillo-de-dientes-ou-dental-up-rosa","title":{"rendered":"Porta Cepillo de Dientes OU \u00abDental UP\u00bb (Rosa)"},"content":{"rendered":"<div class=\"lojaou-lojaou-3-x-triggerDescricao\">\n<h5 class=\"lojaou-lojaou-3-x-titleDescricao\"><span>Descripci\u00f3n<\/span><\/h5>\n<\/div>\n<p class=\"lojaou-lojaou-3-x-valueDescricao\"><span>El Portacepillos de Dientes Dental UP es perfecto para ayudar con la higiene personal durante el d\u00eda a d\u00eda. F\u00e1cil de transportar, ll\u00e9valo siempre contigo a cualquier lugar como el trabajo, el gimnasio y de viaje de una forma sencilla y pr\u00e1ctica. La l\u00ednea fue desarrollada priorizando la practicidad en tu vida diaria y el cuidado de la higiene, por eso cuenta con rejillas de entrada de aire para evitar la humedad y cierre de seguridad para mantener protegido el cepillo y la pasta de dientes. Tambi\u00e9n dispone de un asa para facilitar su transporte. Dental up est\u00e1 fabricado en pl\u00e1stico no t\u00f3xico (polipropileno) y tiene esquinas redondeadas que facilitan la limpieza. En el trabajo o de viaje, dental up es tu aliado perfecto para ayudarte en varios momentos de tu d\u00eda.<\/span><\/p>\n","protected":false},"excerpt":{"rendered":"<p>Descripci\u00f3n El Portacepillos de Dientes Dental UP es perfecto para ayudar con la higiene personal durante el d\u00eda a d\u00eda. F\u00e1cil de transportar, ll\u00e9valo siempre contigo a cualquier lugar como el trabajo, el gimnasio y de viaje de una forma sencilla y pr\u00e1ctica. La l\u00ednea fue desarrollada priorizando la practicidad en tu vida diaria y [&#8230;]\n","protected":false},"featured_media":4093,"template":"","meta":[],"product_brand":[63],"product_cat":[21,26,38],"product_tag":[],"class_list":{"0":"post-3259","1":"product","2":"type-product","3":"status-publish","4":"has-post-thumbnail","6":"product_brand-ou","7":"product_cat-bano","8":"product_cat-ou","9":"product_cat-uso-personal","11":"first","12":"instock","13":"taxable","14":"shipping-taxable","15":"purchasable","16":"product-type-simple"},"jetpack-related-posts":[],"jetpack_sharing_enabled":true,"_links":{"self":[{"href":"https:\/\/depex.com.uy\/index.php?rest_route=\/wp\/v2\/product\/3259","targetHints":{"allow":["GET"]}}],"collection":[{"href":"https:\/\/depex.com.uy\/index.php?rest_route=\/wp\/v2\/product"}],"about":[{"href":"https:\/\/depex.com.uy\/index.php?rest_route=\/wp\/v2\/types\/product"}],"wp:featuredmedia":[{"embeddable":true,"href":"https:\/\/depex.com.uy\/index.php?rest_route=\/wp\/v2\/media\/4093"}],"wp:attachment":[{"href":"https:\/\/depex.com.uy\/index.php?rest_route=%2Fwp%2Fv2%2Fmedia&parent=3259"}],"wp:term":[{"taxonomy":"product_brand","embeddable":true,"href":"https:\/\/depex.com.uy\/index.php?rest_route=%2Fwp%2Fv2%2Fproduct_brand&post=3259"},{"taxonomy":"product_cat","embeddable":true,"href":"https:\/\/depex.com.uy\/index.php?rest_route=%2Fwp%2Fv2%2Fproduct_cat&post=3259"},{"taxonomy":"product_tag","embeddable":true,"href":"https:\/\/depex.com.uy\/index.php?rest_route=%2Fwp%2Fv2%2Fproduct_tag&post=3259"}],"curies":[{"name":"wp","href":"https:\/\/api.w.org\/{rel}","templated":true}]}}

<div class="lojaou-lojaou-3-x-triggerDescricao">
<h5 class="lojaou-lojaou-3-x-titleDescricao"><span>Descripción</span></h5>
</div>
<p class="lojaou-lojaou-3-x-valueDescricao"><span>El Portacepillos de Dientes Dental UP es perfecto para ayudar con la higiene personal durante el día a día. Fácil de transportar, llévalo siempre contigo a cualquier lugar como el trabajo, el gimnasio y de viaje de una forma sencilla y práctica. La línea fue desarrollada priorizando la practicidad en tu vida diaria y el cuidado de la higiene, por eso cuenta con rejillas de entrada de aire para evitar la humedad y cierre de seguridad para mantener protegido el cepillo y la pasta de dientes. También dispone de un asa para facilitar su transporte. Dental up está fabricado en plástico no tóxico (polipropileno) y tiene esquinas redondeadas que facilitan la limpieza. En el trabajo o de viaje, dental up es tu aliado perfecto para ayudarte en varios momentos de tu día.</span></p>

<p>Descripción El Portacepillos de Dientes Dental UP es perfecto para ayudar con la higiene personal durante el día a día. Fácil de transportar, llévalo siempre contigo a cualquier lugar como el trabajo, el gimnasio y de viaje de una forma sencilla y práctica. La línea fue desarrollada priorizando la practicidad en tu vida diaria y [&#8230;]
