{"id":439,"date":"2023-04-12T19:21:23","date_gmt":"2023-04-12T22:21:23","guid":{"rendered":"https:\/\/depex.com.uy\/?post_type=product&#038;p=439"},"modified":"2025-02-18T16:12:32","modified_gmt":"2025-02-18T19:12:32","slug":"maceta-de-cultivo-grande-ou-autoriego","status":"publish","type":"product","link":"https:\/\/depex.com.uy\/?product=maceta-de-cultivo-grande-ou-autoriego","title":{"rendered":"Maceta de Cultivo 17x15cm OU \u00abAutoriego\u00bb (Terracota)"},"content":{"rendered":"<p><strong data-redactor-tag=\"strong\">Maceta de Cultivo Grande OU \u00abAutoriego\u00bb<\/strong><\/p>\n<p><strong data-redactor-tag=\"strong\">Caracter\u00edsticas:<\/strong><\/p>\n<p>El Maceta de autorriego G 16,5 x 16,5 x 15 cm garantiza la organizaci\u00f3n, el almacenamiento y la humedad ideal para diferentes tipos de plantas y condimentos. Es la soluci\u00f3n perfecta para plantar huertas y jardines de interior, permiti\u00e9ndoles estar siempre hidratados, sin necesidad de regarlos, adem\u00e1s de llevar la vitalidad de la naturaleza al hogar. La l\u00ednea cuenta con un dep\u00f3sito con tapa de goma que evita la proliferaci\u00f3n de larvas de dengue y mosquitos, adem\u00e1s de ser removible y poder controlar el nivel del agua, evitando desperdicios y brindando ahorro para tu d\u00eda a d\u00eda. Los floreros son de polipropileno que garantiza la resistencia a los productos, adem\u00e1s de que la ra\u00edz artificial es de algod\u00f3n, lo que permite la absorci\u00f3n de agua. Los productos de la l\u00ednea son f\u00e1ciles de ensamblar, lo que garantiza un cultivo sin complicaciones. En el balc\u00f3n o sala de estar<\/p>\n<p><strong data-redactor-tag=\"strong\">Dimensiones:\u00a0<\/strong>165x165x150mm<\/p>\n","protected":false},"excerpt":{"rendered":"<p>Maceta de Cultivo Grande OU \u00abAutoriego\u00bb Caracter\u00edsticas: El Maceta de autorriego G 16,5 x 16,5 x 15 cm garantiza la organizaci\u00f3n, el almacenamiento y la humedad ideal para diferentes tipos de plantas y condimentos. Es la soluci\u00f3n perfecta para plantar huertas y jardines de interior, permiti\u00e9ndoles estar siempre hidratados, sin necesidad de regarlos, adem\u00e1s de [&#8230;]\n","protected":false},"featured_media":668,"template":"","meta":[],"product_brand":[63],"product_cat":[22,26],"product_tag":[30,31,32],"class_list":{"0":"post-439","1":"product","2":"type-product","3":"status-publish","4":"has-post-thumbnail","6":"product_brand-ou","7":"product_cat-jardin","8":"product_cat-ou","9":"product_tag-jardin","10":"product_tag-maceta","11":"product_tag-ou","12":"pa_color-beige","13":"pa_color-terracota","15":"first","16":"instock","17":"taxable","18":"shipping-taxable","19":"purchasable","20":"product-type-simple"},"jetpack-related-posts":[],"jetpack_sharing_enabled":true,"_links":{"self":[{"href":"https:\/\/depex.com.uy\/index.php?rest_route=\/wp\/v2\/product\/439","targetHints":{"allow":["GET"]}}],"collection":[{"href":"https:\/\/depex.com.uy\/index.php?rest_route=\/wp\/v2\/product"}],"about":[{"href":"https:\/\/depex.com.uy\/index.php?rest_route=\/wp\/v2\/types\/product"}],"wp:featuredmedia":[{"embeddable":true,"href":"https:\/\/depex.com.uy\/index.php?rest_route=\/wp\/v2\/media\/668"}],"wp:attachment":[{"href":"https:\/\/depex.com.uy\/index.php?rest_route=%2Fwp%2Fv2%2Fmedia&parent=439"}],"wp:term":[{"taxonomy":"product_brand","embeddable":true,"href":"https:\/\/depex.com.uy\/index.php?rest_route=%2Fwp%2Fv2%2Fproduct_brand&post=439"},{"taxonomy":"product_cat","embeddable":true,"href":"https:\/\/depex.com.uy\/index.php?rest_route=%2Fwp%2Fv2%2Fproduct_cat&post=439"},{"taxonomy":"product_tag","embeddable":true,"href":"https:\/\/depex.com.uy\/index.php?rest_route=%2Fwp%2Fv2%2Fproduct_tag&post=439"}],"curies":[{"name":"wp","href":"https:\/\/api.w.org\/{rel}","templated":true}]}}