{"id":597,"date":"2023-05-19T08:46:32","date_gmt":"2023-05-19T11:46:32","guid":{"rendered":"https:\/\/depex.com.uy\/?post_type=product&#038;p=597"},"modified":"2025-02-18T16:12:36","modified_gmt":"2025-02-18T19:12:36","slug":"jabonera-con-tapa-ou-soft-verde","status":"publish","type":"product","link":"https:\/\/depex.com.uy\/?product=jabonera-con-tapa-ou-soft-verde","title":{"rendered":"Jabonera con Tapa OU \u00abSoft\u00bb (Verde)"},"content":{"rendered":"<p><strong data-redactor-tag=\"strong\">Jabonera con Tapa OU \u00abSoft\u00bb<br \/>\n<\/strong><\/p>\n<p><strong data-redactor-tag=\"strong\">Caracter\u00edsticas:<\/strong><\/p>\n<p>La Jabonera Soft es perfecta para ayudar con la higiene personal en el d\u00eda a d\u00eda. F\u00e1cil de llevar, ll\u00e9vala siempre contigo a cualquier lugar como el gimnasio y viaja de forma sencilla y pr\u00e1ctica. La l\u00ednea fue desarrollada priorizando la practicidad en tu d\u00eda a d\u00eda y el cuidado de la higiene, por eso, cuenta con ranuras que evitan que el jab\u00f3n se pegue a la jabonera, y traba de seguridad para mantener el jab\u00f3n protegido. Adem\u00e1s de ser ergon\u00f3mico, facilita el manejo. El producto est\u00e1 hecho de pl\u00e1stico no t\u00f3xico (polipropileno) y tiene esquinas redondeadas que facilitan la limpieza. En el gimnasio o de viaje, la jabonera blanda es tu aliada perfecta para ayudarte en varios momentos de tu d\u00eda, siendo tu compa\u00f1era en todo momento.<\/p>\n<p><strong data-redactor-tag=\"strong\">Dimensiones:\u00a0<\/strong>105x80x50mm<\/p>\n","protected":false},"excerpt":{"rendered":"<p>Jabonera con Tapa OU \u00abSoft\u00bb Caracter\u00edsticas: La Jabonera Soft es perfecta para ayudar con la higiene personal en el d\u00eda a d\u00eda. F\u00e1cil de llevar, ll\u00e9vala siempre contigo a cualquier lugar como el gimnasio y viaja de forma sencilla y pr\u00e1ctica. La l\u00ednea fue desarrollada priorizando la practicidad en tu d\u00eda a d\u00eda y el [&#8230;]\n","protected":false},"featured_media":598,"template":"","meta":[],"product_brand":[63],"product_cat":[21,26,38],"product_tag":[39,41,32,40,42],"class_list":{"0":"post-597","1":"product","2":"type-product","3":"status-publish","4":"has-post-thumbnail","6":"product_brand-ou","7":"product_cat-bano","8":"product_cat-ou","9":"product_cat-uso-personal","10":"product_tag-bano","11":"product_tag-diente","12":"product_tag-ou","13":"product_tag-porta-cepillo","14":"product_tag-uso-personal","16":"first","17":"instock","18":"taxable","19":"shipping-taxable","20":"purchasable","21":"product-type-simple"},"jetpack-related-posts":[],"jetpack_sharing_enabled":true,"_links":{"self":[{"href":"https:\/\/depex.com.uy\/index.php?rest_route=\/wp\/v2\/product\/597","targetHints":{"allow":["GET"]}}],"collection":[{"href":"https:\/\/depex.com.uy\/index.php?rest_route=\/wp\/v2\/product"}],"about":[{"href":"https:\/\/depex.com.uy\/index.php?rest_route=\/wp\/v2\/types\/product"}],"wp:featuredmedia":[{"embeddable":true,"href":"https:\/\/depex.com.uy\/index.php?rest_route=\/wp\/v2\/media\/598"}],"wp:attachment":[{"href":"https:\/\/depex.com.uy\/index.php?rest_route=%2Fwp%2Fv2%2Fmedia&parent=597"}],"wp:term":[{"taxonomy":"product_brand","embeddable":true,"href":"https:\/\/depex.com.uy\/index.php?rest_route=%2Fwp%2Fv2%2Fproduct_brand&post=597"},{"taxonomy":"product_cat","embeddable":true,"href":"https:\/\/depex.com.uy\/index.php?rest_route=%2Fwp%2Fv2%2Fproduct_cat&post=597"},{"taxonomy":"product_tag","embeddable":true,"href":"https:\/\/depex.com.uy\/index.php?rest_route=%2Fwp%2Fv2%2Fproduct_tag&post=597"}],"curies":[{"name":"wp","href":"https:\/\/api.w.org\/{rel}","templated":true}]}}