{"id":697,"date":"2023-05-24T20:18:42","date_gmt":"2023-05-24T23:18:42","guid":{"rendered":"https:\/\/depex.com.uy\/?post_type=product&#038;p=697"},"modified":"2025-02-18T17:25:50","modified_gmt":"2025-02-18T20:25:50","slug":"azucarero-200ml-ou-break-gris","status":"publish","type":"product","link":"https:\/\/depex.com.uy\/?product=azucarero-200ml-ou-break-gris","title":{"rendered":"Azucarero 200ml OU \u00abBreak\u00bb (Gris)"},"content":{"rendered":"<p><strong data-redactor-tag=\"strong\">Azucarero 200ml OU \u00abBreak\u00bb<\/strong><\/p>\n<p><strong data-redactor-tag=\"strong\">Caracter\u00edsticas:<\/strong><\/p>\n<p>El azucarero Break es el art\u00edculo perfecto para quien busca belleza para servir de una manera sencilla y pr\u00e1ctica, aportando facilidad a la vida cotidiana y a las ocasiones especiales. Con un dise\u00f1o minimalista, combina con todo tipo de cocinas, aportando armon\u00eda entre el color y la transparencia para facilitar la visualizaci\u00f3n de los elementos en la mesa. Otro diferencial de la l\u00ednea son sus superficies, que internamente tienen un acabado pulido, facilitando la limpieza. Externamente, el acabado es texturizado, lo que reduce la visibilidad de los ara\u00f1azos. El material de la l\u00ednea tiene la base en material r\u00edgido y texturizado (polipropileno) y las tapas y c\u00fapulas en material transparente (poliestireno). Color y belleza para tu d\u00eda a d\u00eda, son las caracter\u00edsticas de la l\u00ednea break dise\u00f1ada para brindar calidad en la organizaci\u00f3n de tu mesa.<\/p>\n<p><strong data-redactor-tag=\"strong\">Dimensiones:\u00a0<\/strong>275x165x55mm<\/p>\n","protected":false},"excerpt":{"rendered":"<p>Azucarero 200ml OU \u00abBreak\u00bb Caracter\u00edsticas: El azucarero Break es el art\u00edculo perfecto para quien busca belleza para servir de una manera sencilla y pr\u00e1ctica, aportando facilidad a la vida cotidiana y a las ocasiones especiales. Con un dise\u00f1o minimalista, combina con todo tipo de cocinas, aportando armon\u00eda entre el color y la transparencia para facilitar [&#8230;]\n","protected":false},"featured_media":4526,"template":"","meta":[],"product_brand":[63],"product_cat":[49,26],"product_tag":[50,52,51,32],"class_list":{"0":"post-697","1":"product","2":"type-product","3":"status-publish","4":"has-post-thumbnail","6":"product_brand-ou","7":"product_cat-mesa","8":"product_cat-ou","9":"product_tag-azucarero","10":"product_tag-break","11":"product_tag-mesa","12":"product_tag-ou","14":"first","15":"instock","16":"taxable","17":"shipping-taxable","18":"purchasable","19":"product-type-simple"},"jetpack-related-posts":[],"jetpack_sharing_enabled":true,"_links":{"self":[{"href":"https:\/\/depex.com.uy\/index.php?rest_route=\/wp\/v2\/product\/697","targetHints":{"allow":["GET"]}}],"collection":[{"href":"https:\/\/depex.com.uy\/index.php?rest_route=\/wp\/v2\/product"}],"about":[{"href":"https:\/\/depex.com.uy\/index.php?rest_route=\/wp\/v2\/types\/product"}],"wp:featuredmedia":[{"embeddable":true,"href":"https:\/\/depex.com.uy\/index.php?rest_route=\/wp\/v2\/media\/4526"}],"wp:attachment":[{"href":"https:\/\/depex.com.uy\/index.php?rest_route=%2Fwp%2Fv2%2Fmedia&parent=697"}],"wp:term":[{"taxonomy":"product_brand","embeddable":true,"href":"https:\/\/depex.com.uy\/index.php?rest_route=%2Fwp%2Fv2%2Fproduct_brand&post=697"},{"taxonomy":"product_cat","embeddable":true,"href":"https:\/\/depex.com.uy\/index.php?rest_route=%2Fwp%2Fv2%2Fproduct_cat&post=697"},{"taxonomy":"product_tag","embeddable":true,"href":"https:\/\/depex.com.uy\/index.php?rest_route=%2Fwp%2Fv2%2Fproduct_tag&post=697"}],"curies":[{"name":"wp","href":"https:\/\/api.w.org\/{rel}","templated":true}]}}