{"id":836,"date":"2023-05-29T12:23:32","date_gmt":"2023-05-29T15:23:32","guid":{"rendered":"https:\/\/depex.com.uy\/?post_type=product&#038;p=836"},"modified":"2025-02-25T17:32:27","modified_gmt":"2025-02-25T20:32:27","slug":"cesta-de-ropa-con-tapa-49-litros-ou-grid-negro","status":"publish","type":"product","link":"https:\/\/depex.com.uy\/?product=cesta-de-ropa-con-tapa-49-litros-ou-grid-negro","title":{"rendered":"Cesta de Ropa con Tapa 38x28x55cm 49 litros OU \u00abGrid\u00bb (Negro)"},"content":{"rendered":"<p><strong data-redactor-tag=\"strong\">Caracter\u00edsticas:<\/strong><\/p>\n<p>La l\u00ednea de Grid Baskets fue desarrollada con una mezcla perfecta entre comodidad, dise\u00f1o y funcionalidad.\u00a0Las cestas vienen en una variedad de tama\u00f1os, son apilables y vers\u00e1tiles.\u00a0Hay varias opciones con colores neutros y acabado mate, que combinan con cualquier ambiente.\u00a0Se pueden utilizar en armarios, cocinas, lavaderos o incluso en el sal\u00f3n para decorar.\u00a0El cesto de ropa Grid con tapa mide 38 cm de profundidad x 38 cm de ancho x 55,2 cm de altura y tiene una capacidad de 49 litros.\u00a0Las Cestas Rejilla son perfectas para combinar organizaci\u00f3n y decoraci\u00f3n en tu hogar.<\/p>\n<p><strong data-redactor-tag=\"strong\">Dimensiones:\u00a0<\/strong>552x280x380mm<\/p>\n","protected":false},"excerpt":{"rendered":"<p>Caracter\u00edsticas: La l\u00ednea de Grid Baskets fue desarrollada con una mezcla perfecta entre comodidad, dise\u00f1o y funcionalidad.\u00a0Las cestas vienen en una variedad de tama\u00f1os, son apilables y vers\u00e1tiles.\u00a0Hay varias opciones con colores neutros y acabado mate, que combinan con cualquier ambiente.\u00a0Se pueden utilizar en armarios, cocinas, lavaderos o incluso en el sal\u00f3n para decorar.\u00a0El cesto [&#8230;]\n","protected":false},"featured_media":837,"template":"","meta":[],"product_brand":[63],"product_cat":[20,26],"product_tag":[],"class_list":{"0":"post-836","1":"product","2":"type-product","3":"status-publish","4":"has-post-thumbnail","6":"product_brand-ou","7":"product_cat-organizacion","8":"product_cat-ou","10":"first","11":"instock","12":"taxable","13":"shipping-taxable","14":"purchasable","15":"product-type-simple"},"jetpack-related-posts":[],"jetpack_sharing_enabled":true,"_links":{"self":[{"href":"https:\/\/depex.com.uy\/index.php?rest_route=\/wp\/v2\/product\/836","targetHints":{"allow":["GET"]}}],"collection":[{"href":"https:\/\/depex.com.uy\/index.php?rest_route=\/wp\/v2\/product"}],"about":[{"href":"https:\/\/depex.com.uy\/index.php?rest_route=\/wp\/v2\/types\/product"}],"wp:featuredmedia":[{"embeddable":true,"href":"https:\/\/depex.com.uy\/index.php?rest_route=\/wp\/v2\/media\/837"}],"wp:attachment":[{"href":"https:\/\/depex.com.uy\/index.php?rest_route=%2Fwp%2Fv2%2Fmedia&parent=836"}],"wp:term":[{"taxonomy":"product_brand","embeddable":true,"href":"https:\/\/depex.com.uy\/index.php?rest_route=%2Fwp%2Fv2%2Fproduct_brand&post=836"},{"taxonomy":"product_cat","embeddable":true,"href":"https:\/\/depex.com.uy\/index.php?rest_route=%2Fwp%2Fv2%2Fproduct_cat&post=836"},{"taxonomy":"product_tag","embeddable":true,"href":"https:\/\/depex.com.uy\/index.php?rest_route=%2Fwp%2Fv2%2Fproduct_tag&post=836"}],"curies":[{"name":"wp","href":"https:\/\/api.w.org\/{rel}","templated":true}]}}