{"id":928,"date":"2023-05-29T18:06:42","date_gmt":"2023-05-29T21:06:42","guid":{"rendered":"https:\/\/depex.com.uy\/?post_type=product&#038;p=928"},"modified":"2025-02-18T16:12:48","modified_gmt":"2025-02-18T19:12:48","slug":"dispensador-de-jabon-liquido-con-compartimiento-650ml-ou-trium-2","status":"publish","type":"product","link":"https:\/\/depex.com.uy\/?product=dispensador-de-jabon-liquido-con-compartimiento-650ml-ou-trium-2","title":{"rendered":"Dispensador de Detergente con Compartimiento 650ml OU \u00abTrium\u00bb (Blanco)"},"content":{"rendered":"<p><strong data-redactor-tag=\"strong\">Descripci\u00f3n:<\/strong><\/p>\n<p>El Organizador de Fregadero y Dispensador de Detergente Trium 650 ml es perfecto para quienes buscan funcionalidad y belleza sobre el fregadero, ya que permite una organizaci\u00f3n vers\u00e1til adem\u00e1s de optimizar el espacio en el ambiente. Sus detalles comienzan con el dise\u00f1o diferenciado de la tapa, que asegura un tacto m\u00e1s c\u00f3modo y la base con orificios que facilitan el drenaje del agua. Adem\u00e1s de tener un contenedor para detergente, con una capacidad de 650ml, el producto permite la organizaci\u00f3n de varios art\u00edculos en el fregadero, incluyendo esponja, cepillo, escobilla de goma y pa\u00f1o. Fabricado en material resistente y flexible (Polipropileno), adem\u00e1s de pl\u00e1stico texturizado, evitando ralladuras y facilitando la higiene. La L\u00ednea Trium tiene un dise\u00f1o minimalista, que combina con todo tipo de cocinas o balcones gourmet, haciendo que el hogar sea a\u00fan m\u00e1s delicado y actual.<\/p>\n<p><strong data-redactor-tag=\"strong\">Dimensiones:\u00a0<\/strong>160x90x180mm<\/p>\n","protected":false},"excerpt":{"rendered":"<p>Descripci\u00f3n: El Organizador de Fregadero y Dispensador de Detergente Trium 650 ml es perfecto para quienes buscan funcionalidad y belleza sobre el fregadero, ya que permite una organizaci\u00f3n vers\u00e1til adem\u00e1s de optimizar el espacio en el ambiente. Sus detalles comienzan con el dise\u00f1o diferenciado de la tapa, que asegura un tacto m\u00e1s c\u00f3modo y la [&#8230;]\n","protected":false},"featured_media":930,"template":"","meta":[],"product_brand":[63],"product_cat":[19,26],"product_tag":[],"class_list":{"0":"post-928","1":"product","2":"type-product","3":"status-publish","4":"has-post-thumbnail","6":"product_brand-ou","7":"product_cat-cocina","8":"product_cat-ou","10":"first","11":"instock","12":"taxable","13":"shipping-taxable","14":"purchasable","15":"product-type-simple"},"jetpack-related-posts":[],"jetpack_sharing_enabled":true,"_links":{"self":[{"href":"https:\/\/depex.com.uy\/index.php?rest_route=\/wp\/v2\/product\/928","targetHints":{"allow":["GET"]}}],"collection":[{"href":"https:\/\/depex.com.uy\/index.php?rest_route=\/wp\/v2\/product"}],"about":[{"href":"https:\/\/depex.com.uy\/index.php?rest_route=\/wp\/v2\/types\/product"}],"wp:featuredmedia":[{"embeddable":true,"href":"https:\/\/depex.com.uy\/index.php?rest_route=\/wp\/v2\/media\/930"}],"wp:attachment":[{"href":"https:\/\/depex.com.uy\/index.php?rest_route=%2Fwp%2Fv2%2Fmedia&parent=928"}],"wp:term":[{"taxonomy":"product_brand","embeddable":true,"href":"https:\/\/depex.com.uy\/index.php?rest_route=%2Fwp%2Fv2%2Fproduct_brand&post=928"},{"taxonomy":"product_cat","embeddable":true,"href":"https:\/\/depex.com.uy\/index.php?rest_route=%2Fwp%2Fv2%2Fproduct_cat&post=928"},{"taxonomy":"product_tag","embeddable":true,"href":"https:\/\/depex.com.uy\/index.php?rest_route=%2Fwp%2Fv2%2Fproduct_tag&post=928"}],"curies":[{"name":"wp","href":"https:\/\/api.w.org\/{rel}","templated":true}]}}