{"id":943,"date":"2023-05-29T18:26:26","date_gmt":"2023-05-29T21:26:26","guid":{"rendered":"https:\/\/depex.com.uy\/?post_type=product&#038;p=943"},"modified":"2025-02-18T16:12:49","modified_gmt":"2025-02-18T19:12:49","slug":"escurridor-de-vasos-ou-trium-negro","status":"publish","type":"product","link":"https:\/\/depex.com.uy\/?product=escurridor-de-vasos-ou-trium-negro","title":{"rendered":"Escurridor de Vasos OU \u00abTrium\u00bb (Negro)"},"content":{"rendered":"<p><strong data-redactor-tag=\"strong\">Descripci\u00f3n:<\/strong><\/p>\n<p>El escurridor de vasos Trium tiene ranuras que reducen el contacto directo de los vasos con la superficie, evitando que los vasos se empa\u00f1en y drenando r\u00e1pidamente el agua. Su dise\u00f1o fue pensado para dirigir el flujo de agua hacia la pileta, evitando que se derrame en el fregadero. El escurridor tiene capacidad para seis vasos a la vez, pero tambi\u00e9n posibilita su uso con copas. Fabricado en material pl\u00e1stico resistente y flexible (Polipropileno), con superficie texturizada que reduce las rayaduras y facilita la limpieza. La L\u00ednea Trium tiene un dise\u00f1o minimalista, que combina con todo tipo de cocinas o balcones gourmet, haciendo que el hogar sea a\u00fan m\u00e1s delicado y actual. Dise\u00f1o, belleza y practicidad son las caracter\u00edsticas de la l\u00ednea que la hacen ideal para cualquier hogar, manteniendo la experiencia Ou a\u00fan m\u00e1s completa.<\/p>\n<p><strong data-redactor-tag=\"strong\">Dimensiones:\u00a0<\/strong>350x210x12mm<\/p>\n","protected":false},"excerpt":{"rendered":"<p>Descripci\u00f3n: El escurridor de vasos Trium tiene ranuras que reducen el contacto directo de los vasos con la superficie, evitando que los vasos se empa\u00f1en y drenando r\u00e1pidamente el agua. Su dise\u00f1o fue pensado para dirigir el flujo de agua hacia la pileta, evitando que se derrame en el fregadero. El escurridor tiene capacidad para [&#8230;]\n","protected":false},"featured_media":944,"template":"","meta":[],"product_brand":[63],"product_cat":[19,26],"product_tag":[],"class_list":{"0":"post-943","1":"product","2":"type-product","3":"status-publish","4":"has-post-thumbnail","6":"product_brand-ou","7":"product_cat-cocina","8":"product_cat-ou","10":"first","11":"instock","12":"taxable","13":"shipping-taxable","14":"purchasable","15":"product-type-simple"},"jetpack-related-posts":[],"jetpack_sharing_enabled":true,"_links":{"self":[{"href":"https:\/\/depex.com.uy\/index.php?rest_route=\/wp\/v2\/product\/943","targetHints":{"allow":["GET"]}}],"collection":[{"href":"https:\/\/depex.com.uy\/index.php?rest_route=\/wp\/v2\/product"}],"about":[{"href":"https:\/\/depex.com.uy\/index.php?rest_route=\/wp\/v2\/types\/product"}],"wp:featuredmedia":[{"embeddable":true,"href":"https:\/\/depex.com.uy\/index.php?rest_route=\/wp\/v2\/media\/944"}],"wp:attachment":[{"href":"https:\/\/depex.com.uy\/index.php?rest_route=%2Fwp%2Fv2%2Fmedia&parent=943"}],"wp:term":[{"taxonomy":"product_brand","embeddable":true,"href":"https:\/\/depex.com.uy\/index.php?rest_route=%2Fwp%2Fv2%2Fproduct_brand&post=943"},{"taxonomy":"product_cat","embeddable":true,"href":"https:\/\/depex.com.uy\/index.php?rest_route=%2Fwp%2Fv2%2Fproduct_cat&post=943"},{"taxonomy":"product_tag","embeddable":true,"href":"https:\/\/depex.com.uy\/index.php?rest_route=%2Fwp%2Fv2%2Fproduct_tag&post=943"}],"curies":[{"name":"wp","href":"https:\/\/api.w.org\/{rel}","templated":true}]}}