{"id":985,"date":"2023-05-29T21:30:28","date_gmt":"2023-05-30T00:30:28","guid":{"rendered":"https:\/\/depex.com.uy\/?post_type=product&#038;p=985"},"modified":"2025-02-18T16:12:52","modified_gmt":"2025-02-18T19:12:52","slug":"jarra-2-litros-ou-belly-blanco","status":"publish","type":"product","link":"https:\/\/depex.com.uy\/?product=jarra-2-litros-ou-belly-blanco","title":{"rendered":"Jarra 2 litros OU \u00abBelly\u00bb (Blanco)"},"content":{"rendered":"<p><strong data-redactor-tag=\"strong\">Caracter\u00edsticas:<\/strong><\/p>\n<p>La Jarra de 2 litros \u00abBelly\u00bb es perfecta para quienes buscan funcionalidad y belleza a la hora de servir y almacenar, con un dise\u00f1o cl\u00e1sico y combinaci\u00f3n de colores trasl\u00facidos y cerrados para combinar con cualquier tipo de mesa. La Jarra 2 litros OU \u00abBelly\u00bb tiene un pico delgado y funcional, adem\u00e1s de un asa ergon\u00f3mica que asegura un c\u00f3modo manejo y transporte. Fabricada en material resistente y flexible (PET), adem\u00e1s de esquinas redondeadas que facilitan la limpieza. Practicidad, belleza y dise\u00f1o son las caracter\u00edsticas de la l\u00ednea SERVER dise\u00f1ada para brindar una organizaci\u00f3n de mesa de calidad.<\/p>\n<div><\/div>\n<p><strong data-redactor-tag=\"strong\">Dimensiones:\u00a0<\/strong>150x140x240mm<\/p>\n","protected":false},"excerpt":{"rendered":"<p>Caracter\u00edsticas: La Jarra de 2 litros \u00abBelly\u00bb es perfecta para quienes buscan funcionalidad y belleza a la hora de servir y almacenar, con un dise\u00f1o cl\u00e1sico y combinaci\u00f3n de colores trasl\u00facidos y cerrados para combinar con cualquier tipo de mesa. La Jarra 2 litros OU \u00abBelly\u00bb tiene un pico delgado y funcional, adem\u00e1s de un [&#8230;]\n","protected":false},"featured_media":986,"template":"","meta":[],"product_brand":[63],"product_cat":[49,26],"product_tag":[],"class_list":{"0":"post-985","1":"product","2":"type-product","3":"status-publish","4":"has-post-thumbnail","6":"product_brand-ou","7":"product_cat-mesa","8":"product_cat-ou","10":"first","11":"instock","12":"taxable","13":"shipping-taxable","14":"purchasable","15":"product-type-simple"},"jetpack-related-posts":[],"jetpack_sharing_enabled":true,"_links":{"self":[{"href":"https:\/\/depex.com.uy\/index.php?rest_route=\/wp\/v2\/product\/985","targetHints":{"allow":["GET"]}}],"collection":[{"href":"https:\/\/depex.com.uy\/index.php?rest_route=\/wp\/v2\/product"}],"about":[{"href":"https:\/\/depex.com.uy\/index.php?rest_route=\/wp\/v2\/types\/product"}],"wp:featuredmedia":[{"embeddable":true,"href":"https:\/\/depex.com.uy\/index.php?rest_route=\/wp\/v2\/media\/986"}],"wp:attachment":[{"href":"https:\/\/depex.com.uy\/index.php?rest_route=%2Fwp%2Fv2%2Fmedia&parent=985"}],"wp:term":[{"taxonomy":"product_brand","embeddable":true,"href":"https:\/\/depex.com.uy\/index.php?rest_route=%2Fwp%2Fv2%2Fproduct_brand&post=985"},{"taxonomy":"product_cat","embeddable":true,"href":"https:\/\/depex.com.uy\/index.php?rest_route=%2Fwp%2Fv2%2Fproduct_cat&post=985"},{"taxonomy":"product_tag","embeddable":true,"href":"https:\/\/depex.com.uy\/index.php?rest_route=%2Fwp%2Fv2%2Fproduct_tag&post=985"}],"curies":[{"name":"wp","href":"https:\/\/api.w.org\/{rel}","templated":true}]}}

<p><strong data-redactor-tag="strong">Características:</strong></p>
<p>La Jarra de 2 litros «Belly» es perfecta para quienes buscan funcionalidad y belleza a la hora de servir y almacenar, con un diseño clásico y combinación de colores traslúcidos y cerrados para combinar con cualquier tipo de mesa. La Jarra 2 litros OU «Belly» tiene un pico delgado y funcional, además de un asa ergonómica que asegura un cómodo manejo y transporte. Fabricada en material resistente y flexible (PET), además de esquinas redondeadas que facilitan la limpieza. Practicidad, belleza y diseño son las características de la línea SERVER diseñada para brindar una organización de mesa de calidad.</p>
<div></div>
<p><strong data-redactor-tag="strong">Dimensiones: </strong>150x140x240mm</p>

<p>Características: La Jarra de 2 litros «Belly» es perfecta para quienes buscan funcionalidad y belleza a la hora de servir y almacenar, con un diseño clásico y combinación de colores traslúcidos y cerrados para combinar con cualquier tipo de mesa. La Jarra 2 litros OU «Belly» tiene un pico delgado y funcional, además de un [&#8230;]
